Last updated on 2025-04-30 04:50:16 CEST.
Flavor | Version | Tinstall | Tcheck | Ttotal | Status | Flags |
---|---|---|---|---|---|---|
r-devel-linux-x86_64-debian-clang | 0.1.1 | 22.05 | 214.80 | 236.85 | NOTE | |
r-devel-linux-x86_64-debian-gcc | 0.1.1 | 14.18 | 142.19 | 156.37 | OK | |
r-devel-linux-x86_64-fedora-clang | 0.1.1 | 385.94 | OK | |||
r-devel-linux-x86_64-fedora-gcc | 0.1.1 | 353.89 | OK | |||
r-devel-windows-x86_64 | 0.1.1 | 23.00 | 224.00 | 247.00 | OK | |
r-patched-linux-x86_64 | 0.1.1 | 21.11 | 201.20 | 222.31 | OK | |
r-release-linux-x86_64 | 0.1.1 | 20.14 | 202.36 | 222.50 | OK | |
r-release-macos-arm64 | 0.1.1 | 118.00 | OK | |||
r-release-macos-x86_64 | 0.1.1 | 155.00 | OK | |||
r-release-windows-x86_64 | 0.1.1 | 23.00 | 226.00 | 249.00 | OK | |
r-oldrel-macos-arm64 | 0.1.1 | 114.00 | OK | |||
r-oldrel-macos-x86_64 | 0.1.1 | 191.00 | OK | |||
r-oldrel-windows-x86_64 | 0.1.1 | 30.00 | 274.00 | 304.00 | OK |
Version: 0.1.1
Check: examples
Result: NOTE
Examples with CPU (user + system) or elapsed time > 5s
user system elapsed
ggkmcif 3.898 0.043 5.241
Flavor: r-devel-linux-x86_64-debian-clang