Last updated on 2025-04-30 04:50:16 CEST.
Flavor | Version | Tinstall | Tcheck | Ttotal | Status | Flags |
---|---|---|---|---|---|---|
r-devel-linux-x86_64-debian-clang | 1.0.0.1 | 1.65 | 20.02 | 21.67 | OK | |
r-devel-linux-x86_64-debian-gcc | 1.0.0.1 | 1.31 | 16.52 | 17.83 | OK | |
r-devel-linux-x86_64-fedora-clang | 1.0.0.1 | 36.25 | OK | |||
r-devel-linux-x86_64-fedora-gcc | 1.0.0.1 | 46.20 | OK | |||
r-devel-windows-x86_64 | 1.0.0.1 | 4.00 | 45.00 | 49.00 | OK | |
r-patched-linux-x86_64 | 1.0.0.1 | 1.58 | 19.10 | 20.68 | OK | |
r-release-linux-x86_64 | 1.0.0.1 | 1.45 | 19.39 | 20.84 | OK | |
r-release-macos-arm64 | 1.0.0.1 | 31.00 | OK | |||
r-release-macos-x86_64 | 1.0.0.1 | 37.00 | OK | |||
r-release-windows-x86_64 | 1.0.0.1 | 2.00 | 43.00 | 45.00 | OK | |
r-oldrel-macos-arm64 | 1.0.0.1 | 19.00 | NOTE | |||
r-oldrel-macos-x86_64 | 1.0.0.1 | 30.00 | NOTE | |||
r-oldrel-windows-x86_64 | 1.0.0.1 | 4.00 | 44.00 | 48.00 | NOTE |
Version: 1.0.0.1
Check: LazyData
Result: NOTE
'LazyData' is specified without a 'data' directory
Flavors: r-oldrel-macos-arm64, r-oldrel-macos-x86_64, r-oldrel-windows-x86_64