Last updated on 2025-04-30 04:50:16 CEST.
Flavor | Version | Tinstall | Tcheck | Ttotal | Status | Flags |
---|---|---|---|---|---|---|
r-devel-linux-x86_64-debian-clang | 1.1.5 | 5.88 | 61.66 | 67.54 | NOTE | |
r-devel-linux-x86_64-debian-gcc | 1.1.5 | 4.23 | 41.76 | 45.99 | NOTE | |
r-devel-linux-x86_64-fedora-clang | 1.1.5 | 116.71 | OK | |||
r-devel-linux-x86_64-fedora-gcc | 1.1.5 | 109.18 | OK | |||
r-devel-windows-x86_64 | 1.1.5 | 7.00 | 83.00 | 90.00 | OK | |
r-patched-linux-x86_64 | 1.1.5 | 6.47 | 58.16 | 64.63 | OK | |
r-release-linux-x86_64 | 1.1.5 | 5.71 | 58.06 | 63.77 | OK | |
r-release-macos-arm64 | 1.1.5 | 28.00 | OK | |||
r-release-macos-x86_64 | 1.1.5 | 57.00 | OK | |||
r-release-windows-x86_64 | 1.1.5 | 6.00 | 82.00 | 88.00 | OK | |
r-oldrel-macos-arm64 | 1.1.5 | 27.00 | OK | |||
r-oldrel-macos-x86_64 | 1.1.5 | 47.00 | OK | |||
r-oldrel-windows-x86_64 | 1.1.5 | 6.00 | 89.00 | 95.00 | OK |
Version: 1.1.5
Check: CRAN incoming feasibility
Result: NOTE
Maintainer: ‘Sean Turner <swd.turner@gmail.com>’
Package CITATION file contains call(s) to old-style citEntry(). Please
use bibentry() instead.
Flavors: r-devel-linux-x86_64-debian-clang, r-devel-linux-x86_64-debian-gcc
Version: 1.1.5
Check: examples
Result: NOTE
Examples with CPU (user + system) or elapsed time > 5s
user system elapsed
rrv 4.624 0.028 5.017
sdp_hydro 4.453 0.117 5.331
dirtyreps 4.161 0.000 5.132
sdp_supply 3.989 0.126 6.252
Flavor: r-devel-linux-x86_64-debian-clang