Last updated on 2025-05-02 04:49:45 CEST.
Flavor | Version | Tinstall | Tcheck | Ttotal | Status | Flags |
---|---|---|---|---|---|---|
r-devel-linux-x86_64-debian-clang | 0.0.3 | 135.09 | 188.47 | 323.56 | NOTE | |
r-devel-linux-x86_64-debian-gcc | 0.0.3 | 89.12 | 152.36 | 241.48 | OK | |
r-devel-linux-x86_64-fedora-clang | 0.0.3 | 1136.10 | OK | |||
r-devel-linux-x86_64-fedora-gcc | 0.0.3 | 1060.10 | OK | |||
r-devel-windows-x86_64 | 0.0.3 | 136.00 | 564.00 | 700.00 | OK | |
r-patched-linux-x86_64 | 0.0.3 | 128.81 | 177.72 | 306.53 | OK | |
r-release-linux-x86_64 | OK | |||||
r-release-macos-arm64 | 0.0.3 | 167.00 | OK | |||
r-release-macos-x86_64 | 0.0.3 | 562.00 | OK | |||
r-release-windows-x86_64 | 0.0.3 | 139.00 | 529.00 | 668.00 | OK | |
r-oldrel-macos-arm64 | 0.0.3 | 79.00 | NOTE | |||
r-oldrel-macos-x86_64 | 0.0.3 | 242.00 | NOTE | |||
r-oldrel-windows-x86_64 | 0.0.3 | 158.00 | 307.00 | 465.00 | NOTE |
Version: 0.0.3
Check: examples
Result: NOTE
Examples with CPU (user + system) or elapsed time > 5s
user system elapsed
fit_dist 4.862 0.067 6.378
Flavor: r-devel-linux-x86_64-debian-clang
Version: 0.0.3
Check: installed package size
Result: NOTE
installed size is 17.3Mb
sub-directories of 1Mb or more:
R 2.1Mb
doc 1.2Mb
libs 13.8Mb
Flavors: r-oldrel-macos-arm64, r-oldrel-macos-x86_64
Version: 0.0.3
Check: for GNU extensions in Makefiles
Result: NOTE
GNU make is a SystemRequirements.
Flavors: r-oldrel-macos-arm64, r-oldrel-macos-x86_64, r-oldrel-windows-x86_64