CRAN Package Check Results for Package respR

Last updated on 2025-04-30 04:50:16 CEST.

Flavor Version Tinstall Tcheck Ttotal Status Flags
r-devel-linux-x86_64-debian-clang 2.3.3 19.46 140.73 160.19 NOTE
r-devel-linux-x86_64-debian-gcc 2.3.3 13.23 98.43 111.66 NOTE
r-devel-linux-x86_64-fedora-clang 2.3.3 252.51 OK
r-devel-linux-x86_64-fedora-gcc 2.3.3 238.81 OK
r-devel-windows-x86_64 2.3.3 20.00 151.00 171.00 NOTE
r-patched-linux-x86_64 2.3.3 20.00 128.83 148.83 NOTE
r-release-linux-x86_64 2.3.3 18.96 130.48 149.44 NOTE
r-release-macos-arm64 2.3.3 68.00 OK
r-release-macos-x86_64 2.3.3 132.00 OK
r-release-windows-x86_64 2.3.3 21.00 167.00 188.00 NOTE
r-oldrel-macos-arm64 2.3.3 66.00 OK
r-oldrel-macos-x86_64 2.3.3 93.00 OK
r-oldrel-windows-x86_64 2.3.3 24.00 188.00 212.00 OK

Check Details

Version: 2.3.3
Check: Rd cross-references
Result: NOTE Found the following Rd file(s) with Rd \link{} targets missing package anchors: format_time.Rd: lubridate Please provide package anchors for all Rd \link{} targets not in the package itself and the base packages. Flavors: r-devel-linux-x86_64-debian-clang, r-devel-linux-x86_64-debian-gcc, r-devel-windows-x86_64, r-patched-linux-x86_64, r-release-linux-x86_64, r-release-windows-x86_64

Version: 2.3.3
Check: examples
Result: NOTE Examples with CPU (user + system) or elapsed time > 5s user system elapsed convert_MR 5.486 0.058 5.703 Flavor: r-devel-linux-x86_64-debian-clang