CRAN Package Check Results for Package restfulr

Last updated on 2025-04-30 04:50:16 CEST.

Flavor Version Tinstall Tcheck Ttotal Status Flags
r-devel-linux-x86_64-debian-clang 0.0.15 12.67 68.17 80.84 NOTE --no-tests
r-devel-linux-x86_64-debian-gcc 0.0.15 8.94 50.53 59.47 NOTE --no-tests
r-devel-linux-x86_64-fedora-clang 0.0.15 143.29 OK
r-devel-linux-x86_64-fedora-gcc 0.0.15 127.35 OK
r-devel-windows-x86_64 0.0.15 13.00 68.00 81.00 OK --no-examples --no-tests --no-vignettes
r-patched-linux-x86_64 0.0.15 12.64 66.34 78.98 OK --no-tests
r-release-linux-x86_64 0.0.15 11.52 67.46 78.98 OK --no-tests
r-release-macos-arm64 0.0.15 47.00 OK
r-release-macos-x86_64 0.0.15 87.00 OK
r-release-windows-x86_64 0.0.15 13.00 69.00 82.00 OK --no-examples --no-tests --no-vignettes
r-oldrel-macos-arm64 0.0.15 47.00 OK
r-oldrel-macos-x86_64 0.0.15 75.00 OK
r-oldrel-windows-x86_64 0.0.15 14.00 59.00 73.00 OK --no-examples --no-tests --no-vignettes

Check Details

Version: 0.0.15
Flags: --no-tests
Check: CRAN incoming feasibility
Result: NOTE Maintainer: ‘Michael Lawrence <michafla@gene.com>’ No Authors@R field in DESCRIPTION. Please add one, modifying Authors@R: person(given = "Michael", family = "Lawrence", role = c("aut", "cre"), email = "michafla@gene.com") as necessary. Flavors: r-devel-linux-x86_64-debian-clang, r-devel-linux-x86_64-debian-gcc