CRAN Package Check Results for Package restoptr

Last updated on 2025-04-30 04:50:16 CEST.

Flavor Version Tinstall Tcheck Ttotal Status Flags
r-devel-linux-x86_64-debian-clang 1.0.6 24.18 372.41 396.59 ERROR
r-devel-linux-x86_64-debian-gcc 1.0.6 17.30 243.30 260.60 NOTE
r-devel-linux-x86_64-fedora-clang 1.0.6 619.26 OK
r-devel-linux-x86_64-fedora-gcc 1.0.6 595.10 OK
r-devel-windows-x86_64 1.0.6 22.00 339.00 361.00 NOTE
r-patched-linux-x86_64 1.0.6 22.17 358.69 380.86 NOTE
r-release-linux-x86_64 1.0.6 21.00 355.26 376.26 NOTE
r-release-macos-arm64 1.0.6 158.00 OK
r-release-macos-x86_64 1.0.6 337.00 OK
r-release-windows-x86_64 1.0.6 23.00 332.00 355.00 NOTE
r-oldrel-macos-arm64 1.0.6 145.00 NOTE
r-oldrel-macos-x86_64 1.0.6 252.00 NOTE
r-oldrel-windows-x86_64 1.0.6 29.00 433.00 462.00 NOTE

Check Details

Version: 1.0.6
Check: Rd cross-references
Result: NOTE Found the following Rd file(s) with Rd \link{} targets missing package anchors: invert_vector.Rd: SpatExtent Please provide package anchors for all Rd \link{} targets not in the package itself and the base packages. Flavors: r-devel-linux-x86_64-debian-clang, r-devel-linux-x86_64-debian-gcc, r-devel-windows-x86_64, r-patched-linux-x86_64, r-release-linux-x86_64, r-release-windows-x86_64

Version: 1.0.6
Check: tests
Result: ERROR Running ‘testthat.R’ [151s/169s] Running the tests in ‘tests/testthat.R’ failed. Complete output: > # load packages > library(testthat) > library(restoptr) Loading required package: terra terra 1.8.42 Attaching package: 'terra' The following objects are masked from 'package:testthat': compare, describe Loading required package: rJava Loading required package: units udunits database from /usr/share/xml/udunits/udunits2.xml > > # enable parallel testing > Sys.unsetenv("R_TESTS") > > # run tests > test_check("restoptr") Height = 117 Width = 170 Current landscape state loaded Habitat cells = 2682 Non habitat cells = 2094 Accessible non habitat cells = 604 Out cells = 15114 MESH initial = 642.2554438860972 Model[Model-0], 1 Solutions, MAXIMIZE MESH = 6429460, Resolution time 0.075s, Time to best solution 0.025s, 11 Nodes (146.2 n/s), 0 Backtracks, 0 Backjumps, 0 Fails, 0 Restarts <1b>[0mModel[Model-0], 2 Solutions, MAXIMIZE MESH = 6430362, Resolution time 0.113s, Time to best solution 0.112s, 19 Nodes (168.6 n/s), 11 Backtracks, 0 Backjumps, 5 Fails, 0 Restarts <1b>[0mModel[Model-0], 3 Solutions, MAXIMIZE MESH = 6431753, Resolution time 0.118s, Time to best solution 0.118s, 28 Nodes (237.6 n/s), 27 Backtracks, 0 Backjumps, 12 Fails, 0 Restarts <1b>[0mModel[Model-0], 4 Solutions, MAXIMIZE MESH = 6685737, Resolution time 0.136s, Time to best solution 0.136s, 69 Nodes (506.7 n/s), 49 Backtracks, 0 Backjumps, 22 Fails, 0 Restarts <1b>[0mModel[Model-0], 5 Solutions, MAXIMIZE MESH = 6687825, Resolution time 0.142s, Time to best solution 0.142s, 70 Nodes (492.0 n/s), 88 Backtracks, 0 Backjumps, 41 Fails, 0 Restarts <1b>[0mModel[Model-0], 6 Solutions, MAXIMIZE MESH = 6694104, Resolution time 0.211s, Time to best solution 0.211s, 147 Nodes (697.1 n/s), 194 Backtracks, 0 Backjumps, 96 Fails, 0 Restarts <1b>[0mModel[Model-0], 7 Solutions, MAXIMIZE MESH = 6696212, Resolution time 0.219s, Time to best solution 0.219s, 190 Nodes (868.6 n/s), 272 Backtracks, 0 Backjumps, 134 Fails, 0 Restarts <1b>[0mModel[Model-0], 8 Solutions, MAXIMIZE MESH = 6732332, Resolution time 0.478s, Time to best solution 0.478s, 1273 Nodes (2,662.0 n/s), 2392 Backtracks, 0 Backjumps, 1222 Fails, 0 Restarts <1b>[0mModel[Model-0], 9 Solutions, MAXIMIZE MESH = 8742169, Resolution time 0.659s, Time to best solution 0.659s, 1758 Nodes (2,667.4 n/s), 3027 Backtracks, 0 Backjumps, 1681 Fails, 0 Restarts <1b>[0mModel[Model-0], 10 Solutions, MAXIMIZE MESH = 8775750, Resolution time 0.916s, Time to best solution 0.915s, 4468 Nodes (4,876.7 n/s), 8449 Backtracks, 0 Backjumps, 4397 Fails, 0 Restarts <1b>[0mModel[Model-0], 10 Solutions, MAXIMIZE MESH = 8775750, Resolution time 2.147s, Time to best solution 0.915s, 25140 Nodes (11,707.3 n/s), 50261 Backtracks, 0 Backjumps, 25121 Fails, 0 Restarts <1b>[0mHeight = 117 Width = 170 Current landscape state loaded Habitat cells = 2682 Non habitat cells = 2094 Accessible non habitat cells = 652 Out cells = 15114 MESH initial = 642.2554438860972 Model[Model-1], 1 Solutions, MAXIMIZE MESH = 6430027, Resolution time 0.002s, Time to best solution 0.002s, 14 Nodes (6,087.0 n/s), 0 Backtracks, 0 Backjumps, 0 Fails, 0 Restarts <1b>[0mModel[Model-1], 2 Solutions, MAXIMIZE MESH = 6430921, Resolution time 0.009s, Time to best solution 0.008s, 25 Nodes (2,902.4 n/s), 17 Backtracks, 0 Backjumps, 8 Fails, 0 Restarts <1b>[0mModel[Model-1], 3 Solutions, MAXIMIZE MESH = 6432242, Resolution time 0.010s, Time to best solution 0.010s, 36 Nodes (3,684.4 n/s), 39 Backtracks, 0 Backjumps, 18 Fails, 0 Restarts <1b>[0mModel[Model-1], 4 Solutions, MAXIMIZE MESH = 6689916, Resolution time 0.014s, Time to best solution 0.013s, 79 Nodes (5,698.4 n/s), 65 Backtracks, 0 Backjumps, 30 Fails, 0 Restarts <1b>[0mModel[Model-1], 5 Solutions, MAXIMIZE MESH = 6698472, Resolution time 0.028s, Time to best solution 0.028s, 188 Nodes (6,710.4 n/s), 265 Backtracks, 0 Backjumps, 133 Fails, 0 Restarts <1b>[0mModel[Model-1], 6 Solutions, MAXIMIZE MESH = 6739631, Resolution time 0.626s, Time to best solution 0.623s, 3470 Nodes (5,547.5 n/s), 6778 Backtracks, 0 Backjumps, 3421 Fails, 0 Restarts <1b>[0mModel[Model-1], 7 Solutions, MAXIMIZE MESH = 8708499, Resolution time 0.786s, Time to best solution 0.786s, 4093 Nodes (5,204.1 n/s), 7658 Backtracks, 0 Backjumps, 4025 Fails, 0 Restarts <1b>[0mModel[Model-1], 8 Solutions, MAXIMIZE MESH = 8716910, Resolution time 0.834s, Time to best solution 0.834s, 4500 Nodes (5,395.2 n/s), 8558 Backtracks, 0 Backjumps, 4475 Fails, 0 Restarts <1b>[0mModel[Model-1], 9 Solutions, MAXIMIZE MESH = 8750597, Resolution time 0.841s, Time to best solution 0.841s, 4576 Nodes (5,438.8 n/s), 8605 Backtracks, 0 Backjumps, 4498 Fails, 0 Restarts <1b>[0mModel[Model-1], 10 Solutions, MAXIMIZE MESH = 8759028, Resolution time 0.842s, Time to best solution 0.842s, 4577 Nodes (5,433.8 n/s), 8716 Backtracks, 0 Backjumps, 4553 Fails, 0 Restarts <1b>[0mModel[Model-1], 11 Solutions, MAXIMIZE MESH = 8767464, Resolution time 0.843s, Time to best solution 0.843s, 4582 Nodes (5,434.0 n/s), 8721 Backtracks, 0 Backjumps, 4556 Fails, 0 Restarts <1b>[0mModel[Model-1], 12 Solutions, MAXIMIZE MESH = 8801093, Resolution time 1.016s, Time to best solution 1.016s, 8188 Nodes (8,060.3 n/s), 15833 Backtracks, 0 Backjumps, 8111 Fails, 0 Restarts <1b>[0mModel[Model-1], 13 Solutions, MAXIMIZE MESH = 8809552, Resolution time 1.018s, Time to best solution 1.018s, 8242 Nodes (8,096.8 n/s), 15935 Backtracks, 0 Backjumps, 8161 Fails, 0 Restarts <1b>[0mModel[Model-1], 13 Solutions, MAXIMIZE MESH = 8809552, Resolution time 2.344s, Time to best solution 1.018s, 32145 Nodes (13,714.0 n/s), 64265 Backtracks, 0 Backjumps, 32120 Fails, 0 Restarts <1b>[0m |---------|---------|---------|---------| ========================================= Height = 117 Width = 170 Current landscape state loaded Habitat cells = 2682 Non habitat cells = 2094 Accessible non habitat cells = 2094 Out cells = 15114 Model[Model-2], 1 Solutions, Resolution time 0.003s, 22 Nodes (7,567.7 n/s), 0 Backtracks, 0 Backjumps, 0 Fails, 0 Restarts <1b>[0mHeight = 117 Width = 170 Current landscape state loaded Habitat cells = 2682 Non habitat cells = 2094 Accessible non habitat cells = 2094 Out cells = 15114 Model[Model-3], 1 Solutions, Resolution time 0.030s, 27 Nodes (898.2 n/s), 0 Backtracks, 0 Backjumps, 0 Fails, 0 Restarts <1b>[0mHeight = 117 Width = 170 Current landscape state loaded Habitat cells = 2682 Non habitat cells = 2094 Accessible non habitat cells = 2094 Out cells = 15114 Model[Model-4], 1 Solutions, Resolution time 0.023s, 56 Nodes (2,462.6 n/s), 0 Backtracks, 0 Backjumps, 0 Fails, 0 Restarts <1b>[0mHeight = 117 Width = 170 Current landscape state loaded Habitat cells = 2682 Non habitat cells = 2094 Accessible non habitat cells = 2094 Out cells = 15114 Model[Model-5], 1 Solutions, Resolution time 0.303s, 410 Nodes (1,354.0 n/s), 0 Backtracks, 0 Backjumps, 0 Fails, 0 Restarts <1b>[0mHeight = 117 Width = 170 Current landscape state loaded Habitat cells = 2682 Non habitat cells = 2094 Accessible non habitat cells = 2094 Out cells = 15114 Model[Model-6], 1 Solutions, Resolution time 0.129s, 506 Nodes (3,920.8 n/s), 0 Backtracks, 0 Backjumps, 0 Fails, 0 Restarts <1b>[0mHeight = 117 Width = 170 Current landscape state loaded Habitat cells = 2682 Non habitat cells = 2094 Accessible non habitat cells = 2094 Out cells = 15114 Model[Model-7], 1 Solutions, Resolution time 0.008s, 27 Nodes (3,578.0 n/s), 0 Backtracks, 0 Backjumps, 0 Fails, 0 Restarts <1b>[0mHeight = 117 Width = 170 Current landscape state loaded Habitat cells = 2682 Non habitat cells = 2094 Accessible non habitat cells = 146 Out cells = 15114 MESH initial = 642.2554438860972 Model[Model-8], 1 Solutions, MAXIMIZE MESH = 7084891, Resolution time 0.002s, Time to best solution 0.002s, 147 Nodes (65,324.5 n/s), 0 Backtracks, 0 Backjumps, 0 Fails, 0 Restarts <1b>[0mModel[Model-8], 1 Solutions, MAXIMIZE MESH = 7084891, Resolution time 0.003s, Time to best solution 0.002s, 147 Nodes (50,355.6 n/s), 293 Backtracks, 0 Backjumps, 146 Fails, 0 Restarts <1b>[0mHeight = 117 Width = 170 Current landscape state loaded Habitat cells = 2682 Non habitat cells = 2094 Accessible non habitat cells = 652 Out cells = 15114 MESH initial = 642.2554438860972 Model[Model-9], 1 Solutions, MAXIMIZE MESH = 13985838, Resolution time 0.045s, Time to best solution 0.045s, 653 Nodes (14,398.1 n/s), 0 Backtracks, 0 Backjumps, 0 Fails, 0 Restarts <1b>[0mModel[Model-9], 1 Solutions, MAXIMIZE MESH = 13985838, Resolution time 0.047s, Time to best solution 0.045s, 653 Nodes (13,958.2 n/s), 1305 Backtracks, 0 Backjumps, 652 Fails, 0 Restarts <1b>[0mHeight = 117 Width = 170 Current landscape state loaded Habitat cells = 2682 Non habitat cells = 2094 Accessible non habitat cells = 0 Out cells = 15114 MESH initial = 642.2554438860972 Model[Model-10], 1 Solutions, MAXIMIZE MESH = 6422554, Resolution time 0.000s, Time to best solution 0.000s, 1 Nodes (2,222.0 n/s), 0 Backtracks, 0 Backjumps, 0 Fails, 0 Restarts <1b>[0mModel[Model-10], 1 Solutions, MAXIMIZE MESH = 6422554, Resolution time 0.001s, Time to best solution 0.000s, 1 Nodes (1,059.0 n/s), 1 Backtracks, 0 Backjumps, 0 Fails, 0 Restarts <1b>[0m |---------|---------|---------|---------| ========================================= Height = 117 Width = 170 Current landscape state loaded Habitat cells = 2682 Non habitat cells = 2094 Accessible non habitat cells = 146 Out cells = 15114 Model[Model-11], 1 Solutions, Resolution time 0.193s, 17 Nodes (88.3 n/s), 6 Backtracks, 0 Backjumps, 5 Fails, 0 Restarts <1b>[0mModel[Model-11], 2 Solutions, Resolution time 0.200s, 18 Nodes (90.1 n/s), 7 Backtracks, 0 Backjumps, 5 Fails, 0 Restarts <1b>[0mModel[Model-11], 3 Solutions, Resolution time 0.205s, 20 Nodes (97.7 n/s), 9 Backtracks, 0 Backjumps, 5 Fails, 0 Restarts <1b>[0mModel[Model-11], 4 Solutions, Resolution time 0.208s, 21 Nodes (100.8 n/s), 10 Backtracks, 0 Backjumps, 5 Fails, 0 Restarts <1b>[0mModel[Model-11], 5 Solutions, Resolution time 0.213s, 24 Nodes (112.5 n/s), 13 Backtracks, 0 Backjumps, 5 Fails, 0 Restarts <1b>[0mModel[Model-11], 6 Solutions, Resolution time 0.216s, 25 Nodes (115.6 n/s), 14 Backtracks, 0 Backjumps, 5 Fails, 0 Restarts <1b>[0mModel[Model-11], 7 Solutions, Resolution time 0.221s, 27 Nodes (122.3 n/s), 16 Backtracks, 0 Backjumps, 5 Fails, 0 Restarts <1b>[0mModel[Model-11], 8 Solutions, Resolution time 0.224s, 28 Nodes (125.1 n/s), 17 Backtracks, 0 Backjumps, 5 Fails, 0 Restarts <1b>[0mModel[Model-11], 9 Solutions, Resolution time 0.231s, 32 Nodes (138.8 n/s), 21 Backtracks, 0 Backjumps, 5 Fails, 0 Restarts <1b>[0mModel[Model-11], 10 Solutions, Resolution time 0.236s, 33 Nodes (139.7 n/s), 22 Backtracks, 0 Backjumps, 5 Fails, 0 Restarts <1b>[0mModel[Model-11], 11 Solutions, Resolution time 0.240s, 35 Nodes (145.6 n/s), 24 Backtracks, 0 Backjumps, 5 Fails, 0 Restarts <1b>[0mHeight = 117 Width = 170 Current landscape state loaded Habitat cells = 2682 Non habitat cells = 2094 Accessible non habitat cells = 458 Out cells = 15114 Model[Model-12], 1 Solutions, Resolution time 0.481s, 283 Nodes (587.8 n/s), 352 Backtracks, 0 Backjumps, 274 Fails, 0 Restarts <1b>[0mModel[Model-12], 2 Solutions, Resolution time 0.605s, 476 Nodes (786.2 n/s), 732 Backtracks, 0 Backjumps, 462 Fails, 0 Restarts <1b>[0mModel[Model-12], 3 Solutions, Resolution time 0.618s, 483 Nodes (781.2 n/s), 742 Backtracks, 0 Backjumps, 467 Fails, 0 Restarts <1b>[0mModel[Model-12], 4 Solutions, Resolution time 0.635s, 503 Nodes (792.2 n/s), 776 Backtracks, 0 Backjumps, 485 Fails, 0 Restarts <1b>[0mModel[Model-12], 5 Solutions, Resolution time 0.647s, 510 Nodes (788.3 n/s), 791 Backtracks, 0 Backjumps, 491 Fails, 0 Restarts <1b>[0mModel[Model-12], 6 Solutions, Resolution time 0.664s, 522 Nodes (786.1 n/s), 812 Backtracks, 0 Backjumps, 501 Fails, 0 Restarts <1b>[0mModel[Model-12], 7 Solutions, Resolution time 0.673s, 527 Nodes (783.4 n/s), 822 Backtracks, 0 Backjumps, 504 Fails, 0 Restarts <1b>[0mModel[Model-12], 8 Solutions, Resolution time 0.681s, 531 Nodes (780.2 n/s), 826 Backtracks, 0 Backjumps, 506 Fails, 0 Restarts <1b>[0mModel[Model-12], 9 Solutions, Resolution time 0.694s, 537 Nodes (773.9 n/s), 835 Backtracks, 0 Backjumps, 510 Fails, 0 Restarts <1b>[0mModel[Model-12], 10 Solutions, Resolution time 0.703s, 543 Nodes (772.1 n/s), 845 Backtracks, 0 Backjumps, 515 Fails, 0 Restarts <1b>[0mModel[Model-12], 11 Solutions, Resolution time 0.728s, 563 Nodes (773.2 n/s), 888 Backtracks, 0 Backjumps, 532 Fails, 0 Restarts <1b>[0mHeight = 117 Width = 170 Current landscape state loaded Habitat cells = 2682 Non habitat cells = 2094 Accessible non habitat cells = 458 Out cells = 15114 Model[Model-13], 1 Solutions, Resolution time 0.181s, 283 Nodes (1,559.8 n/s), 352 Backtracks, 0 Backjumps, 274 Fails, 0 Restarts <1b>[0mModel[Model-13], 2 Solutions, Resolution time 0.267s, 476 Nodes (1,781.6 n/s), 732 Backtracks, 0 Backjumps, 462 Fails, 0 Restarts <1b>[0mModel[Model-13], 3 Solutions, Resolution time 0.274s, 483 Nodes (1,765.3 n/s), 742 Backtracks, 0 Backjumps, 467 Fails, 0 Restarts <1b>[0mModel[Model-13], 4 Solutions, Resolution time 0.288s, 503 Nodes (1,745.4 n/s), 776 Backtracks, 0 Backjumps, 485 Fails, 0 Restarts <1b>[0mModel[Model-13], 5 Solutions, Resolution time 0.296s, 510 Nodes (1,721.7 n/s), 791 Backtracks, 0 Backjumps, 491 Fails, 0 Restarts <1b>[0mModel[Model-13], 6 Solutions, Resolution time 0.307s, 522 Nodes (1,701.2 n/s), 812 Backtracks, 0 Backjumps, 501 Fails, 0 Restarts <1b>[0mModel[Model-13], 7 Solutions, Resolution time 0.311s, 527 Nodes (1,694.9 n/s), 822 Backtracks, 0 Backjumps, 504 Fails, 0 Restarts <1b>[0mModel[Model-13], 8 Solutions, Resolution time 0.314s, 531 Nodes (1,690.2 n/s), 826 Backtracks, 0 Backjumps, 506 Fails, 0 Restarts <1b>[0mModel[Model-13], 9 Solutions, Resolution time 0.320s, 537 Nodes (1,679.4 n/s), 835 Backtracks, 0 Backjumps, 510 Fails, 0 Restarts <1b>[0mModel[Model-13], 10 Solutions, Resolution time 0.325s, 543 Nodes (1,673.2 n/s), 845 Backtracks, 0 Backjumps, 515 Fails, 0 Restarts <1b>[0mModel[Model-13], 11 Solutions, Resolution time 0.337s, 563 Nodes (1,671.0 n/s), 888 Backtracks, 0 Backjumps, 532 Fails, 0 Restarts <1b>[0mHeight = 117 Width = 170 Current landscape state loaded Habitat cells = 2682 Non habitat cells = 2094 Accessible non habitat cells = 458 Out cells = 15114 Model[Model-14], 1 Solutions, Resolution time 0.281s, 283 Nodes (1,008.2 n/s), 352 Backtracks, 0 Backjumps, 274 Fails, 0 Restarts <1b>[0mModel[Model-14], 2 Solutions, Resolution time 0.348s, 476 Nodes (1,367.3 n/s), 732 Backtracks, 0 Backjumps, 462 Fails, 0 Restarts <1b>[0mModel[Model-14], 3 Solutions, Resolution time 0.352s, 483 Nodes (1,373.5 n/s), 742 Backtracks, 0 Backjumps, 467 Fails, 0 Restarts <1b>[0mModel[Model-14], 4 Solutions, Resolution time 0.362s, 503 Nodes (1,387.9 n/s), 776 Backtracks, 0 Backjumps, 485 Fails, 0 Restarts <1b>[0mModel[Model-14], 5 Solutions, Resolution time 0.368s, 510 Nodes (1,387.2 n/s), 791 Backtracks, 0 Backjumps, 491 Fails, 0 Restarts <1b>[0mModel[Model-14], 6 Solutions, Resolution time 0.378s, 522 Nodes (1,381.3 n/s), 812 Backtracks, 0 Backjumps, 501 Fails, 0 Restarts <1b>[0mModel[Model-14], 7 Solutions, Resolution time 0.383s, 527 Nodes (1,377.2 n/s), 822 Backtracks, 0 Backjumps, 504 Fails, 0 Restarts <1b>[0mModel[Model-14], 8 Solutions, Resolution time 0.386s, 531 Nodes (1,376.7 n/s), 826 Backtracks, 0 Backjumps, 506 Fails, 0 Restarts <1b>[0mModel[Model-14], 9 Solutions, Resolution time 0.391s, 537 Nodes (1,375.1 n/s), 835 Backtracks, 0 Backjumps, 510 Fails, 0 Restarts <1b>[0mModel[Model-14], 10 Solutions, Resolution time 0.396s, 543 Nodes (1,371.5 n/s), 845 Backtracks, 0 Backjumps, 515 Fails, 0 Restarts <1b>[0mModel[Model-14], 11 Solutions, Resolution time 0.408s, 563 Nodes (1,381.1 n/s), 888 Backtracks, 0 Backjumps, 532 Fails, 0 Restarts <1b>[0mHeight = 117 Width = 170 Current landscape state loaded Habitat cells = 2682 Non habitat cells = 2094 Accessible non habitat cells = 146 Out cells = 15114 Height = 117 Width = 170 Current landscape state loaded Habitat cells = 2682 Non habitat cells = 2094 Accessible non habitat cells = 146 Out cells = 15114 Model[Model-16], 1 Solutions, Resolution time 0.001s, 16 Nodes (11,164.0 n/s), 7 Backtracks, 0 Backjumps, 6 Fails, 0 Restarts <1b>[0mHeight = 117 Width = 170 Current landscape state loaded Habitat cells = 2682 Non habitat cells = 2094 Accessible non habitat cells = 146 Out cells = 15114 Height = 117 Width = 170 Current landscape state loaded Habitat cells = 2682 Non habitat cells = 2094 Accessible non habitat cells = 2094 Out cells = 15114 Height = 117 Width = 170 Current landscape state loaded Habitat cells = 2682 Non habitat cells = 2094 Accessible non habitat cells = 2094 Out cells = 15114 Height = 117 Width = 170 Current landscape state loaded Habitat cells = 2682 Non habitat cells = 2094 Accessible non habitat cells = 2094 Out cells = 15114 Height = 117 Width = 170 Current landscape state loaded Habitat cells = 2682 Non habitat cells = 2094 Accessible non habitat cells = 2094 Out cells = 15114 Height = 117 Width = 170 Current landscape state loaded Habitat cells = 847 Non habitat cells = 3929 Accessible non habitat cells = 3929 Out cells = 15114 Height = 117 Width = 170 Current landscape state loaded Habitat cells = 2682 Non habitat cells = 2094 Accessible non habitat cells = 2094 Out cells = 15114 MESH initial = 642.2554438860972 Model[Model-23], 1 Solutions, MAXIMIZE MESH = 6433495, Resolution time 0.003s, Time to best solution 0.003s, 26 Nodes (8,424.5 n/s), 0 Backtracks, 0 Backjumps, 0 Fails, 0 Restarts <1b>[0mModel[Model-23], 2 Solutions, MAXIMIZE MESH = 6441776, Resolution time 0.005s, Time to best solution 0.005s, 53 Nodes (10,662.1 n/s), 37 Backtracks, 0 Backjumps, 18 Fails, 0 Restarts <1b>[0mModel[Model-23], 3 Solutions, MAXIMIZE MESH = 6444037, Resolution time 0.008s, Time to best solution 0.008s, 85 Nodes (10,594.6 n/s), 91 Backtracks, 0 Backjumps, 44 Fails, 0 Restarts <1b>[0mModel[Model-23], 4 Solutions, MAXIMIZE MESH = 6474500, Resolution time 0.019s, Time to best solution 0.013s, 162 Nodes (8,327.6 n/s), 233 Backtracks, 0 Backjumps, 114 Fails, 0 Restarts <1b>[0mModel[Model-23], 5 Solutions, MAXIMIZE MESH = 6475289, Resolution time 0.021s, Time to best solution 0.021s, 183 Nodes (8,624.0 n/s), 280 Backtracks, 0 Backjumps, 137 Fails, 0 Restarts <1b>[0mModel[Model-23], 6 Solutions, MAXIMIZE MESH = 6583769, Resolution time 0.034s, Time to best solution 0.034s, 369 Nodes (10,836.1 n/s), 640 Backtracks, 0 Backjumps, 316 Fails, 0 Restarts <1b>[0mModel[Model-23], 7 Solutions, MAXIMIZE MESH = 6773080, Resolution time 0.036s, Time to best solution 0.036s, 427 Nodes (11,721.5 n/s), 734 Backtracks, 0 Backjumps, 363 Fails, 0 Restarts <1b>[0mModel[Model-23], 8 Solutions, MAXIMIZE MESH = 6775343, Resolution time 0.081s, Time to best solution 0.078s, 679 Nodes (8,351.5 n/s), 1311 Backtracks, 0 Backjumps, 655 Fails, 0 Restarts <1b>[0mModel[Model-23], 9 Solutions, MAXIMIZE MESH = 6789012, Resolution time 0.083s, Time to best solution 0.083s, 730 Nodes (8,792.6 n/s), 1312 Backtracks, 0 Backjumps, 655 Fails, 0 Restarts <1b>[0mModel[Model-23], 10 Solutions, MAXIMIZE MESH = 6795894, Resolution time 0.086s, Time to best solution 0.086s, 785 Nodes (9,096.9 n/s), 1418 Backtracks, 0 Backjumps, 707 Fails, 0 Restarts <1b>[0mModel[Model-23], 11 Solutions, MAXIMIZE MESH = 6795896, Resolution time 0.088s, Time to best solution 0.087s, 786 Nodes (8,976.9 n/s), 1499 Backtracks, 0 Backjumps, 747 Fails, 0 Restarts <1b>[0mModel[Model-23], 12 Solutions, MAXIMIZE MESH = 6798199, Resolution time 0.089s, Time to best solution 0.089s, 788 Nodes (8,846.4 n/s), 1507 Backtracks, 0 Backjumps, 750 Fails, 0 Restarts <1b>[0mModel[Model-23], 13 Solutions, MAXIMIZE MESH = 6841141, Resolution time 0.931s, Time to best solution 0.931s, 13140 Nodes (14,107.8 n/s), 26158 Backtracks, 0 Backjumps, 13082 Fails, 0 Restarts <1b>[0mModel[Model-23], 14 Solutions, MAXIMIZE MESH = 6870605, Resolution time 0.934s, Time to best solution 0.934s, 13181 Nodes (14,109.2 n/s), 26225 Backtracks, 0 Backjumps, 13117 Fails, 0 Restarts <1b>[0mModel[Model-23], 15 Solutions, MAXIMIZE MESH = 6877982, Resolution time 0.935s, Time to best solution 0.935s, 13219 Nodes (14,134.7 n/s), 26300 Backtracks, 0 Backjumps, 13152 Fails, 0 Restarts <1b>[0mModel[Model-23], 16 Solutions, MAXIMIZE MESH = 7026336, Resolution time 0.937s, Time to best solution 0.937s, 13272 Nodes (14,169.6 n/s), 26374 Backtracks, 0 Backjumps, 13189 Fails, 0 Restarts <1b>[0mModel[Model-23], 16 Solutions, MAXIMIZE MESH = 7026336, Resolution time 1.000s, Time to best solution 0.937s, 14773 Nodes (14,767.7 n/s), 29446 Backtracks, 0 Backjumps, 14732 Fails, 0 Restarts <1b>[0mHeight = 117 Width = 170 Current landscape state loaded Habitat cells = 2682 Non habitat cells = 2094 Accessible non habitat cells = 604 Out cells = 15114 MESH initial = 642.2554438860972 Model[Model-24], 1 Solutions, MAXIMIZE MESH = 64805, Resolution time 0.009s, Time to best solution 0.009s, 17 Nodes (1,910.9 n/s), 6 Backtracks, 0 Backjumps, 5 Fails, 0 Restarts <1b>[0mModel[Model-24], 2 Solutions, MAXIMIZE MESH = 66234, Resolution time 0.010s, Time to best solution 0.010s, 21 Nodes (2,158.4 n/s), 15 Backtracks, 0 Backjumps, 9 Fails, 0 Restarts <1b>[0mModel[Model-24], 3 Solutions, MAXIMIZE MESH = 66377, Resolution time 0.096s, Time to best solution 0.095s, 460 Nodes (4,790.3 n/s), 538 Backtracks, 0 Backjumps, 444 Fails, 0 Restarts <1b>[0mModel[Model-24], 4 Solutions, MAXIMIZE MESH = 66522, Resolution time 0.106s, Time to best solution 0.099s, 466 Nodes (4,396.4 n/s), 547 Backtracks, 0 Backjumps, 449 Fails, 0 Restarts <1b>[0mModel[Model-24], 4 Solutions, MAXIMIZE MESH = 66522, Resolution time 0.157s, Time to best solution 0.099s, 858 Nodes (5,481.9 n/s), 1709 Backtracks, 0 Backjumps, 851 Fails, 0 Restarts <1b>[0mHeight = 117 Width = 170 Current landscape state loaded Habitat cells = 2682 Non habitat cells = 2094 Accessible non habitat cells = 604 Out cells = 15114 Model[Model-25], 1 Solutions, Resolution time 0.001s, 6 Nodes (7,724.6 n/s), 0 Backtracks, 0 Backjumps, 0 Fails, 0 Restarts <1b>[0mModel[Model-25], 2 Solutions, Resolution time 0.007s, 7 Nodes (974.3 n/s), 1 Backtracks, 0 Backjumps, 0 Fails, 0 Restarts <1b>[0mModel[Model-25], 3 Solutions, Resolution time 0.007s, 8 Nodes (1,078.4 n/s), 3 Backtracks, 0 Backjumps, 0 Fails, 0 Restarts <1b>[0mHeight = 117 Width = 170 Current landscape state loaded Habitat cells = 2682 Non habitat cells = 2094 Accessible non habitat cells = 604 Out cells = 15114 Model[Model-26], 1 Solutions, Resolution time 0.001s, 6 Nodes (7,148.4 n/s), 0 Backtracks, 0 Backjumps, 0 Fails, 0 Restarts <1b>[0mHeight = 117 Width = 170 Current landscape state loaded Habitat cells = 2682 Non habitat cells = 2094 Accessible non habitat cells = 146 Out cells = 15114 IIC initial = 0.20373477041721344 Model[Model-27], 1 Solutions, MAXIMIZE IIC = 2071, Resolution time 0.008s, Time to best solution 0.008s, 17 Nodes (2,027.0 n/s), 6 Backtracks, 0 Backjumps, 5 Fails, 0 Restarts <1b>[0mModel[Model-27], 2 Solutions, MAXIMIZE IIC = 2113, Resolution time 0.010s, Time to best solution 0.010s, 21 Nodes (2,100.7 n/s), 15 Backtracks, 0 Backjumps, 9 Fails, 0 Restarts <1b>[0mModel[Model-27], 2 Solutions, MAXIMIZE IIC = 2113, Resolution time 0.084s, Time to best solution 0.010s, 151 Nodes (1,806.8 n/s), 299 Backtracks, 0 Backjumps, 148 Fails, 0 Restarts <1b>[0mHeight = 117 Width = 170 Current landscape state loaded Habitat cells = 2682 Non habitat cells = 2094 Accessible non habitat cells = 146 Out cells = 15114 IIC initial = 0.1864735335111618 Model[Model-28], 1 Solutions, MAXIMIZE IIC = 1899, Resolution time 0.005s, Time to best solution 0.004s, 17 Nodes (3,707.0 n/s), 6 Backtracks, 0 Backjumps, 5 Fails, 0 Restarts <1b>[0mModel[Model-28], 2 Solutions, MAXIMIZE IIC = 1941, Resolution time 0.006s, Time to best solution 0.006s, 21 Nodes (3,651.3 n/s), 15 Backtracks, 0 Backjumps, 9 Fails, 0 Restarts <1b>[0mModel[Model-28], 2 Solutions, MAXIMIZE IIC = 1941, Resolution time 0.035s, Time to best solution 0.006s, 148 Nodes (4,267.5 n/s), 293 Backtracks, 0 Backjumps, 145 Fails, 0 Restarts <1b>[0mHeight = 117 Width = 170 Current landscape state loaded Habitat cells = 2682 Non habitat cells = 2094 Accessible non habitat cells = 146 Out cells = 15114 MESH initial = 642.2554438860972 Model[Model-29], 1 Solutions, MAXIMIZE MESH = 6480454, Resolution time 0.001s, Time to best solution 0.001s, 17 Nodes (16,566.7 n/s), 6 Backtracks, 0 Backjumps, 5 Fails, 0 Restarts <1b>[0mModel[Model-29], 2 Solutions, MAXIMIZE MESH = 6623356, Resolution time 0.001s, Time to best solution 0.001s, 21 Nodes (15,166.3 n/s), 15 Backtracks, 0 Backjumps, 9 Fails, 0 Restarts <1b>[0mModel[Model-29], 2 Solutions, MAXIMIZE MESH = 6623356, Resolution time 0.009s, Time to best solution 0.001s, 155 Nodes (17,504.6 n/s), 307 Backtracks, 0 Backjumps, 152 Fails, 0 Restarts <1b>[0mHeight = 117 Width = 170 Current landscape state loaded Habitat cells = 2682 Non habitat cells = 2094 Accessible non habitat cells = 146 Out cells = 15114 Height = 117 Width = 170 Current landscape state loaded Habitat cells = 2682 Non habitat cells = 2094 Accessible non habitat cells = 146 Out cells = 15114 Height = 117 Width = 170 Current landscape state loaded Habitat cells = 2682 Non habitat cells = 2094 Accessible non habitat cells = 146 Out cells = 15114 Height = 117 Width = 170 Current landscape state loaded Habitat cells = 2682 Non habitat cells = 2094 Accessible non habitat cells = 146 Out cells = 15114 Height = 117 Width = 170 Current landscape state loaded Habitat cells = 2682 Non habitat cells = 2094 Accessible non habitat cells = 2094 Out cells = 15114 Height = 117 Width = 170 Current landscape state loaded Habitat cells = 2682 Non habitat cells = 2094 Accessible non habitat cells = 2094 Out cells = 15114 Height = 117 Width = 170 Current landscape state loaded Habitat cells = 2682 Non habitat cells = 2094 Accessible non habitat cells = 2094 Out cells = 15114 Height = 117 Width = 170 Current landscape state loaded Habitat cells = 2682 Non habitat cells = 2094 Accessible non habitat cells = 2094 Out cells = 15114 Height = 117 Width = 170 Current landscape state loaded Habitat cells = 2682 Non habitat cells = 2094 Accessible non habitat cells = 2094 Out cells = 15114 Height = 104 Width = 151 Current landscape state loaded Habitat cells = 2128 Non habitat cells = 1716 Accessible non habitat cells = 1716 Out cells = 11860 Height = 117 Width = 170 Current landscape state loaded Habitat cells = 2682 Non habitat cells = 2094 Accessible non habitat cells = 2094 Out cells = 15114 Height = 117 Width = 170 Current landscape state loaded Habitat cells = 2682 Non habitat cells = 2094 Accessible non habitat cells = 2094 Out cells = 15114 Height = 117 Width = 170 Current landscape state loaded Habitat cells = 2682 Non habitat cells = 2094 Accessible non habitat cells = 2094 Out cells = 15114 Height = 117 Width = 170 Current landscape state loaded Habitat cells = 2682 Non habitat cells = 2094 Accessible non habitat cells = 2094 Out cells = 15114 [ FAIL 1 | WARN 0 | SKIP 0 | PASS 914 ] ══ Failed tests ════════════════════════════════════════════════════════════════ ── Error ('test_solve.R:117:3'): number of solutions found is less than desired ── Error in `solve.RestoptProblem(problem)`: The research was stopped before a solution was found, consider increasing the time limit Backtrace: ▆ 1. ├─base::solve(problem) at test_solve.R:117:3 2. └─restoptr:::solve.RestoptProblem(problem) [ FAIL 1 | WARN 0 | SKIP 0 | PASS 914 ] Error: Test failures Execution halted Flavor: r-devel-linux-x86_64-debian-clang

Version: 1.0.6
Check: installed package size
Result: NOTE installed size is 5.1Mb sub-directories of 1Mb or more: extdata 1.3Mb java 2.9Mb Flavors: r-oldrel-macos-arm64, r-oldrel-macos-x86_64, r-oldrel-windows-x86_64