Last updated on 2025-04-30 04:50:16 CEST.
Flavor | Version | Tinstall | Tcheck | Ttotal | Status | Flags |
---|---|---|---|---|---|---|
r-devel-linux-x86_64-debian-clang | 1.0.0 | 116.97 | 99.12 | 216.09 | OK | |
r-devel-linux-x86_64-debian-gcc | 1.0.0 | 93.14 | 68.51 | 161.65 | OK | |
r-devel-linux-x86_64-fedora-clang | 1.0.0 | 329.24 | OK | |||
r-devel-linux-x86_64-fedora-gcc | 1.0.0 | 425.64 | WARN | |||
r-devel-windows-x86_64 | 1.0.0 | 111.00 | 136.00 | 247.00 | OK | |
r-patched-linux-x86_64 | 1.0.0 | 120.57 | 93.25 | 213.82 | OK | |
r-release-linux-x86_64 | 1.0.0 | 125.85 | 91.19 | 217.04 | OK | |
r-release-macos-arm64 | 1.0.0 | 105.00 | OK | |||
r-release-macos-x86_64 | 1.0.0 | 200.00 | OK | |||
r-release-windows-x86_64 | 1.0.0 | 113.00 | 139.00 | 252.00 | OK | |
r-oldrel-macos-arm64 | 1.0.0 | 96.00 | NOTE | |||
r-oldrel-macos-x86_64 | 1.0.0 | 244.00 | NOTE | |||
r-oldrel-windows-x86_64 | 1.0.0 | 132.00 | 168.00 | 300.00 | OK |
Version: 1.0.0
Check: whether package can be installed
Result: WARN
Found the following significant warnings:
/data/gannet/ripley/R/test-dev/RcppCGAL/include/CGAL/Polynomial_traits_d.h:1059:58: warning: 'SR.54329' is used uninitialized [-Wuninitialized]
See ‘/data/gannet/ripley/R/packages/tests-devel/resultant.Rcheck/00install.out’ for details.
* used C++ compiler: ‘g++-15 (GCC) 15.1.0’
Flavor: r-devel-linux-x86_64-fedora-gcc
Version: 1.0.0
Check: installed package size
Result: NOTE
installed size is 42.1Mb
sub-directories of 1Mb or more:
libs 42.0Mb
Flavors: r-oldrel-macos-arm64, r-oldrel-macos-x86_64