Last updated on 2025-04-30 04:50:16 CEST.
Flavor | Version | Tinstall | Tcheck | Ttotal | Status | Flags |
---|---|---|---|---|---|---|
r-devel-linux-x86_64-debian-clang | 0.2.7 | 63.83 | 40.31 | 104.14 | OK | |
r-devel-linux-x86_64-debian-gcc | 0.2.7 | 51.91 | 33.72 | 85.63 | OK | |
r-devel-linux-x86_64-fedora-clang | 0.2.7 | 173.70 | OK | |||
r-devel-linux-x86_64-fedora-gcc | 0.2.7 | 207.37 | OK | |||
r-devel-windows-x86_64 | 0.2.7 | 68.00 | 89.00 | 157.00 | OK | |
r-patched-linux-x86_64 | 0.2.7 | 70.79 | 42.09 | 112.88 | OK | |
r-release-linux-x86_64 | 0.2.7 | 70.51 | 40.42 | 110.93 | OK | |
r-release-macos-arm64 | 0.2.7 | 52.00 | OK | |||
r-release-macos-x86_64 | 0.2.7 | 113.00 | OK | |||
r-release-windows-x86_64 | 0.2.7 | 66.00 | 92.00 | 158.00 | OK | |
r-oldrel-macos-arm64 | 0.2.7 | 79.00 | NOTE | |||
r-oldrel-macos-x86_64 | 0.2.7 | 131.00 | NOTE | |||
r-oldrel-windows-x86_64 | 0.2.7 | 78.00 | 93.00 | 171.00 | NOTE |
Version: 0.2.7
Check: installed package size
Result: NOTE
installed size is 28.6Mb
sub-directories of 1Mb or more:
include 2.4Mb
libs 24.5Mb
models 1.6Mb
Flavors: r-oldrel-macos-arm64, r-oldrel-macos-x86_64, r-oldrel-windows-x86_64