Last updated on 2025-02-21 03:52:24 CET.
Flavor | Version | Tinstall | Tcheck | Ttotal | Status | Flags |
---|---|---|---|---|---|---|
r-devel-linux-x86_64-debian-clang | 0.2.3 | 5.62 | 40.89 | 46.51 | NOTE | |
r-devel-linux-x86_64-debian-gcc | 0.2.3 | 3.50 | 30.56 | 34.06 | NOTE | |
r-devel-linux-x86_64-fedora-clang | 0.2.3 | 71.86 | NOTE | |||
r-devel-linux-x86_64-fedora-gcc | 0.2.3 | 69.06 | NOTE | |||
r-devel-macos-arm64 | 0.2.3 | 34.00 | NOTE | |||
r-devel-macos-x86_64 | 0.2.3 | 54.00 | NOTE | |||
r-devel-windows-x86_64 | 0.2.3 | 7.00 | 81.00 | 88.00 | NOTE | |
r-patched-linux-x86_64 | 0.2.3 | 9.33 | 39.63 | 48.96 | NOTE | |
r-release-linux-x86_64 | 0.2.3 | 5.12 | 38.45 | 43.57 | NOTE | |
r-release-macos-arm64 | 0.2.3 | 33.00 | NOTE | |||
r-release-macos-x86_64 | 0.2.3 | 43.00 | NOTE | |||
r-release-windows-x86_64 | 0.2.3 | 8.00 | 74.00 | 82.00 | NOTE | |
r-oldrel-macos-arm64 | 0.2.3 | 34.00 | OK | |||
r-oldrel-macos-x86_64 | 0.2.3 | 50.00 | OK | |||
r-oldrel-windows-x86_64 | 0.2.3 | 8.00 | 74.00 | 82.00 | OK |
Version: 0.2.3
Check: Rd files
Result: NOTE
checkRd: (-1) elink.Rd:70-71: Lost braces in \itemize; meant \describe ?
checkRd: (-1) elink.Rd:72-73: Lost braces in \itemize; meant \describe ?
checkRd: (-1) elink.Rd:74-76: Lost braces in \itemize; meant \describe ?
checkRd: (-1) reutils-package.Rd:114: Lost braces
114 | code{reutils.test.remote} to \code{TRUE} to run the full suite of tests.
| ^
Flavors: r-devel-linux-x86_64-debian-clang, r-devel-linux-x86_64-debian-gcc, r-devel-linux-x86_64-fedora-clang, r-devel-linux-x86_64-fedora-gcc, r-devel-macos-arm64, r-devel-macos-x86_64, r-devel-windows-x86_64, r-patched-linux-x86_64, r-release-linux-x86_64, r-release-macos-arm64, r-release-macos-x86_64, r-release-windows-x86_64
Version: 0.2.3
Check: Rd cross-references
Result: NOTE
Found the following Rd file(s) with Rd \link{} targets missing package
anchors:
content.Rd: XMLInternalDocument-class
Please provide package anchors for all Rd \link{} targets not in the
package itself and the base packages.
Flavors: r-devel-linux-x86_64-debian-clang, r-devel-linux-x86_64-debian-gcc, r-devel-windows-x86_64