CRAN Package Check Results for Package revtools

Last updated on 2025-04-30 04:50:16 CEST.

Flavor Version Tinstall Tcheck Ttotal Status Flags
r-devel-linux-x86_64-debian-clang 0.4.1 11.10 84.03 95.13 OK
r-devel-linux-x86_64-debian-gcc 0.4.1 8.17 57.34 65.51 OK
r-devel-linux-x86_64-fedora-clang 0.4.1 139.40 OK
r-devel-linux-x86_64-fedora-gcc 0.4.1 130.96 OK
r-devel-windows-x86_64 0.4.1 13.00 100.00 113.00 OK
r-patched-linux-x86_64 0.4.1 11.96 78.12 90.08 OK
r-release-linux-x86_64 0.4.1 12.49 77.73 90.22 OK
r-release-macos-arm64 0.4.1 41.00 OK
r-release-macos-x86_64 0.4.1 70.00 OK
r-release-windows-x86_64 0.4.1 16.00 95.00 111.00 OK
r-oldrel-macos-arm64 0.4.1 40.00 NOTE
r-oldrel-macos-x86_64 0.4.1 57.00 NOTE
r-oldrel-windows-x86_64 0.4.1 18.00 114.00 132.00 NOTE

Check Details

Version: 0.4.1
Check: LazyData
Result: NOTE 'LazyData' is specified without a 'data' directory Flavors: r-oldrel-macos-arm64, r-oldrel-macos-x86_64, r-oldrel-windows-x86_64