Last updated on 2025-02-21 03:52:24 CET.
Flavor | Version | Tinstall | Tcheck | Ttotal | Status | Flags |
---|---|---|---|---|---|---|
r-devel-linux-x86_64-debian-clang | 0.3.1 | 5.91 | 47.97 | 53.88 | NOTE | |
r-devel-linux-x86_64-debian-gcc | 0.3.1 | 3.42 | 34.56 | 37.98 | NOTE | |
r-devel-linux-x86_64-fedora-clang | 0.3.1 | 84.29 | NOTE | |||
r-devel-linux-x86_64-fedora-gcc | 0.3.1 | 93.13 | NOTE | |||
r-devel-macos-arm64 | 0.3.1 | 36.00 | OK | |||
r-devel-macos-x86_64 | 0.3.1 | 73.00 | NOTE | |||
r-devel-windows-x86_64 | 0.3.1 | 7.00 | 67.00 | 74.00 | NOTE | |
r-patched-linux-x86_64 | 0.3.1 | 5.11 | 45.21 | 50.32 | OK | |
r-release-linux-x86_64 | 0.3.1 | 4.75 | 44.51 | 49.26 | OK | |
r-release-macos-arm64 | 0.3.1 | 32.00 | OK | |||
r-release-macos-x86_64 | 0.3.1 | 50.00 | OK | |||
r-release-windows-x86_64 | 0.3.1 | 7.00 | 66.00 | 73.00 | OK | |
r-oldrel-macos-arm64 | 0.3.1 | 30.00 | OK | |||
r-oldrel-macos-x86_64 | 0.3.1 | 67.00 | OK | |||
r-oldrel-windows-x86_64 | 0.3.1 | 8.00 | 90.00 | 98.00 | OK |
Version: 0.3.1
Check: DESCRIPTION meta-information
Result: NOTE
Missing dependency on R >= 4.1.0 because package code uses the pipe
|> or function shorthand \(...) syntax added in R 4.1.0.
File(s) using such syntax:
‘utils.R’
Flavors: r-devel-linux-x86_64-debian-clang, r-devel-linux-x86_64-debian-gcc, r-devel-linux-x86_64-fedora-clang, r-devel-linux-x86_64-fedora-gcc, r-devel-macos-x86_64, r-devel-windows-x86_64