Last updated on 2025-02-21 03:52:24 CET.
Flavor | Version | Tinstall | Tcheck | Ttotal | Status | Flags |
---|---|---|---|---|---|---|
r-devel-linux-x86_64-debian-clang | 1.0.3 | 11.36 | 120.71 | 132.07 | OK | |
r-devel-linux-x86_64-debian-gcc | 1.0.3 | 7.71 | 79.25 | 86.96 | OK | |
r-devel-linux-x86_64-fedora-clang | 1.0.3 | 201.80 | NOTE | |||
r-devel-linux-x86_64-fedora-gcc | 1.0.3 | 205.23 | NOTE | |||
r-devel-macos-arm64 | 1.0.3 | 54.00 | OK | |||
r-devel-macos-x86_64 | 1.0.3 | 112.00 | OK | |||
r-devel-windows-x86_64 | 1.0.3 | 12.00 | 125.00 | 137.00 | OK | |
r-patched-linux-x86_64 | 1.0.3 | 10.22 | 108.69 | 118.91 | OK | |
r-release-linux-x86_64 | 1.0.3 | 10.56 | 109.23 | 119.79 | OK | |
r-release-macos-arm64 | 1.0.3 | 57.00 | OK | |||
r-release-macos-x86_64 | 1.0.3 | 86.00 | OK | |||
r-release-windows-x86_64 | 1.0.3 | 12.00 | 123.00 | 135.00 | OK | |
r-oldrel-macos-arm64 | 1.0.3 | 64.00 | OK | |||
r-oldrel-macos-x86_64 | 1.0.3 | 104.00 | OK | |||
r-oldrel-windows-x86_64 | 1.0.3 | 15.00 | 146.00 | 161.00 | OK |
Version: 1.0.3
Check: dependencies in R code
Result: NOTE
Namespace in Imports field not imported from: ‘titanic’
All declared Imports should be used.
Flavors: r-devel-linux-x86_64-fedora-clang, r-devel-linux-x86_64-fedora-gcc