Last updated on 2025-04-30 04:50:17 CEST.
Flavor | Version | Tinstall | Tcheck | Ttotal | Status | Flags |
---|---|---|---|---|---|---|
r-devel-linux-x86_64-debian-clang | 1.2.2 | 25.60 | 272.53 | 298.13 | NOTE | |
r-devel-linux-x86_64-debian-gcc | 1.2.2 | 15.03 | 184.29 | 199.32 | NOTE | |
r-devel-linux-x86_64-fedora-clang | 1.2.2 | 472.66 | OK | |||
r-devel-linux-x86_64-fedora-gcc | 1.2.2 | 469.04 | OK | |||
r-devel-windows-x86_64 | 1.2.2 | 20.00 | 246.00 | 266.00 | OK | |
r-patched-linux-x86_64 | 1.2.2 | 23.93 | 257.32 | 281.25 | OK | |
r-release-linux-x86_64 | 1.2.2 | 22.91 | 260.58 | 283.49 | OK | |
r-release-macos-arm64 | 1.2.2 | 134.00 | OK | |||
r-release-macos-x86_64 | 1.2.2 | 253.00 | OK | |||
r-release-windows-x86_64 | 1.2.2 | 19.00 | 251.00 | 270.00 | OK | |
r-oldrel-macos-arm64 | 1.2.2 | 121.00 | OK | |||
r-oldrel-macos-x86_64 | 1.2.2 | 172.00 | OK | |||
r-oldrel-windows-x86_64 | 1.2.2 | 27.00 | 302.00 | 329.00 | OK |
Version: 1.2.2
Check: CRAN incoming feasibility
Result: NOTE
Maintainer: ‘Dimitri Justeau-Allaire <dimitri.justeau@gmail.com>’
No Authors@R field in DESCRIPTION.
Please add one, modifying
Authors@R: c(person(given = "Dimitri",
family = "Justeau-Allaire",
role = c("aut", "cre"),
email = "dimitri.justeau@gmail.com"),
person(given = "Grégoire",
family = "Blanchard",
role = "aut"),
person(given = "Thomas",
family = "Ibanez",
role = "aut"),
person(given = "Xavier",
family = "Lorca",
role = "aut"),
person(given = "Ghislain",
family = "Vieilledent",
role = "aut"),
person(given = "Philippe",
family = "Birnbaum",
role = "aut"))
as necessary.
Flavors: r-devel-linux-x86_64-debian-clang, r-devel-linux-x86_64-debian-gcc