Last updated on 2025-04-30 04:50:17 CEST.
Flavor | Version | Tinstall | Tcheck | Ttotal | Status | Flags |
---|---|---|---|---|---|---|
r-devel-linux-x86_64-debian-clang | 2.3.2 | 1.68 | 20.10 | 21.78 | NOTE | |
r-devel-linux-x86_64-debian-gcc | 2.3.2 | 1.50 | 16.77 | 18.27 | NOTE | |
r-devel-linux-x86_64-fedora-clang | 2.3.2 | 34.81 | OK | |||
r-devel-linux-x86_64-fedora-gcc | 2.3.2 | 30.92 | OK | |||
r-devel-windows-x86_64 | 2.3.2 | 4.00 | 42.00 | 46.00 | OK | |
r-patched-linux-x86_64 | 2.3.2 | 1.65 | 18.22 | 19.87 | OK | |
r-release-linux-x86_64 | 2.3.2 | 1.94 | 18.26 | 20.20 | OK | |
r-release-macos-arm64 | 2.3.2 | 19.00 | OK | |||
r-release-macos-x86_64 | 2.3.2 | 24.00 | OK | |||
r-release-windows-x86_64 | 2.3.2 | 4.00 | 44.00 | 48.00 | OK | |
r-oldrel-macos-arm64 | 2.3.2 | 16.00 | OK | |||
r-oldrel-macos-x86_64 | 2.3.2 | 21.00 | OK | |||
r-oldrel-windows-x86_64 | 2.3.2 | 3.00 | 42.00 | 45.00 | OK |
Version: 2.3.2
Check: CRAN incoming feasibility
Result: NOTE
Maintainer: ‘Dirk Eddelbuettel <edd@debian.org>’
No Authors@R field in DESCRIPTION.
Please add one, modifying
Authors@R: person(given = "Dirk",
family = "Eddelbuettel",
role = c("aut", "cre"),
email = "edd@debian.org")
as necessary.
Flavors: r-devel-linux-x86_64-debian-clang, r-devel-linux-x86_64-debian-gcc