Last updated on 2025-04-30 04:50:17 CEST.
Flavor | Version | Tinstall | Tcheck | Ttotal | Status | Flags |
---|---|---|---|---|---|---|
r-devel-linux-x86_64-debian-clang | 0.4.0 | 6.27 | 62.67 | 68.94 | NOTE | |
r-devel-linux-x86_64-debian-gcc | 0.4.0 | 4.57 | 64.12 | 68.69 | NOTE | |
r-devel-linux-x86_64-fedora-clang | 0.4.0 | 96.50 | OK | |||
r-devel-linux-x86_64-fedora-gcc | 0.4.0 | 99.94 | OK | |||
r-devel-windows-x86_64 | 0.4.0 | 10.00 | 110.00 | 120.00 | OK | |
r-patched-linux-x86_64 | 0.4.0 | 6.00 | 59.45 | 65.45 | OK | |
r-release-linux-x86_64 | 0.4.0 | 5.15 | 57.83 | 62.98 | OK | |
r-release-macos-arm64 | 0.4.0 | 34.00 | OK | |||
r-release-macos-x86_64 | 0.4.0 | 53.00 | OK | |||
r-release-windows-x86_64 | 0.4.0 | 9.00 | 114.00 | 123.00 | OK | |
r-oldrel-macos-arm64 | 0.4.0 | 29.00 | OK | |||
r-oldrel-macos-x86_64 | 0.4.0 | 43.00 | OK | |||
r-oldrel-windows-x86_64 | 0.4.0 | 10.00 | 93.00 | 103.00 | OK |
Version: 0.4.0
Check: examples
Result: NOTE
Examples with CPU (user + system) or elapsed time > 5s
user system elapsed
gpat_read_distmtx 1.424 0.38 9.657
Flavor: r-devel-linux-x86_64-debian-clang
Version: 0.4.0
Check: examples
Result: NOTE
Examples with CPU (user + system) or elapsed time > 5s
user system elapsed
gpat_read_distmtx 2.11 1.702 17.231
gpat_read_txt 0.62 0.672 6.240
Flavor: r-devel-linux-x86_64-debian-gcc