Last updated on 2025-04-30 04:50:17 CEST.
Flavor | Version | Tinstall | Tcheck | Ttotal | Status | Flags |
---|---|---|---|---|---|---|
r-devel-linux-x86_64-debian-clang | 1.0.4 | 17.11 | 54.38 | 71.49 | NOTE | |
r-devel-linux-x86_64-debian-gcc | 1.0.4 | 11.37 | 40.24 | 51.61 | NOTE | |
r-devel-linux-x86_64-fedora-clang | 1.0.4 | 112.64 | OK | |||
r-devel-linux-x86_64-fedora-gcc | 1.0.4 | 117.64 | OK | |||
r-devel-windows-x86_64 | 1.0.4 | 23.00 | 88.00 | 111.00 | OK | |
r-patched-linux-x86_64 | 1.0.4 | 15.46 | 50.71 | 66.17 | OK | |
r-release-linux-x86_64 | 1.0.4 | 17.30 | 50.57 | 67.87 | OK | |
r-release-macos-arm64 | 1.0.4 | 37.00 | OK | |||
r-release-macos-x86_64 | 1.0.4 | 71.00 | OK | |||
r-release-windows-x86_64 | 1.0.4 | 23.00 | 84.00 | 107.00 | OK | |
r-oldrel-macos-arm64 | 1.0.4 | 38.00 | OK | |||
r-oldrel-macos-x86_64 | 1.0.4 | 66.00 | OK | |||
r-oldrel-windows-x86_64 | 1.0.4 | 26.00 | 101.00 | 127.00 | OK |
Version: 1.0.4
Check: CRAN incoming feasibility
Result: NOTE
Maintainer: ‘Francisco Richter <richtf@usi.ch>’
The Description field contains
Environments." <arXiv:2304.01956>.
Please refer to arXiv e-prints via their arXiv DOI <doi:10.48550/arXiv.YYMM.NNNNN>.
Flavors: r-devel-linux-x86_64-debian-clang, r-devel-linux-x86_64-debian-gcc