Last updated on 2025-04-30 04:50:17 CEST.
Flavor | Version | Tinstall | Tcheck | Ttotal | Status | Flags |
---|---|---|---|---|---|---|
r-devel-linux-x86_64-debian-clang | 1.3.0.3 | 21.73 | 88.10 | 109.83 | NOTE | |
r-devel-linux-x86_64-debian-gcc | 1.3.0.3 | 16.64 | 64.15 | 80.79 | OK | |
r-devel-linux-x86_64-fedora-clang | 1.3.0.3 | 170.40 | OK | |||
r-devel-linux-x86_64-fedora-gcc | 1.3.0.3 | 192.71 | OK | |||
r-devel-windows-x86_64 | 1.3.0.3 | 27.00 | 157.00 | 184.00 | OK | |
r-patched-linux-x86_64 | 1.3.0.3 | 23.81 | 85.38 | 109.19 | OK | |
r-release-linux-x86_64 | 1.3.0.3 | 22.51 | 84.29 | 106.80 | OK | |
r-release-macos-arm64 | 1.3.0.3 | 61.00 | OK | |||
r-release-macos-x86_64 | 1.3.0.3 | 132.00 | OK | |||
r-release-windows-x86_64 | 1.3.0.3 | 29.00 | 160.00 | 189.00 | OK | |
r-oldrel-macos-arm64 | 1.3.0.3 | 61.00 | OK | |||
r-oldrel-macos-x86_64 | 1.3.0.3 | 171.00 | OK | |||
r-oldrel-windows-x86_64 | 1.3.0.3 | 30.00 | 183.00 | 213.00 | OK |
Version: 1.3.0.3
Check: examples
Result: NOTE
Examples with CPU (user + system) or elapsed time > 5s
user system elapsed
rhoMin 5.045 0.047 6.02
Flavor: r-devel-linux-x86_64-debian-clang