Last updated on 2025-04-30 04:50:17 CEST.
Flavor | Version | Tinstall | Tcheck | Ttotal | Status | Flags |
---|---|---|---|---|---|---|
r-devel-linux-x86_64-debian-clang | 1.1.1 | 9.92 | 162.70 | 172.62 | NOTE | |
r-devel-linux-x86_64-debian-gcc | 1.1.1 | 6.79 | 110.83 | 117.62 | NOTE | |
r-devel-linux-x86_64-fedora-clang | 1.1.1 | 249.22 | OK | |||
r-devel-linux-x86_64-fedora-gcc | 1.1.1 | 366.14 | NOTE | |||
r-devel-windows-x86_64 | 1.1.1 | 11.00 | 191.00 | 202.00 | OK | |
r-patched-linux-x86_64 | 1.1.1 | 9.32 | 153.54 | 162.86 | OK | |
r-release-linux-x86_64 | 1.1.1 | 7.73 | 153.48 | 161.21 | OK | |
r-release-macos-arm64 | 1.1.1 | 121.00 | OK | |||
r-release-macos-x86_64 | 1.1.1 | 273.00 | OK | |||
r-release-windows-x86_64 | 1.1.1 | 12.00 | 195.00 | 207.00 | OK | |
r-oldrel-macos-arm64 | 1.1.1 | 142.00 | OK | |||
r-oldrel-macos-x86_64 | 1.1.1 | 297.00 | OK | |||
r-oldrel-windows-x86_64 | 1.1.1 | 13.00 | 237.00 | 250.00 | OK |
Version: 1.1.1
Check: examples
Result: NOTE
Examples with CPU (user + system) or elapsed time > 5s
user system elapsed
find.shells 11.135 0.228 14.984
Flavor: r-devel-linux-x86_64-debian-clang
Version: 1.1.1
Check: examples
Result: NOTE
Examples with CPU (user + system) or elapsed time > 5s
user system elapsed
find.shells 6.373 0.138 7.36
Flavor: r-devel-linux-x86_64-debian-gcc
Version: 1.1.1
Check: for non-standard things in the check directory
Result: NOTE
Found the following files/directories:
‘rnaturalearthhires’
Flavor: r-devel-linux-x86_64-fedora-gcc