Last updated on 2025-04-30 04:50:17 CEST.
Flavor | Version | Tinstall | Tcheck | Ttotal | Status | Flags |
---|---|---|---|---|---|---|
r-devel-linux-x86_64-debian-clang | 0.0.1 | 20.09 | 34.21 | 54.30 | NOTE | |
r-devel-linux-x86_64-debian-gcc | 0.0.1 | 15.44 | 27.31 | 42.75 | NOTE | |
r-devel-linux-x86_64-fedora-clang | 0.0.1 | 94.17 | OK | |||
r-devel-linux-x86_64-fedora-gcc | 0.0.1 | 94.77 | OK | |||
r-devel-windows-x86_64 | 0.0.1 | 27.00 | 75.00 | 102.00 | OK | |
r-patched-linux-x86_64 | 0.0.1 | 22.56 | 34.13 | 56.69 | OK | |
r-release-linux-x86_64 | 0.0.1 | 22.18 | 33.41 | 55.59 | OK | |
r-release-macos-arm64 | 0.0.1 | 29.00 | OK | |||
r-release-macos-x86_64 | 0.0.1 | 48.00 | OK | |||
r-release-windows-x86_64 | 0.0.1 | 29.00 | 77.00 | 106.00 | OK | |
r-oldrel-macos-arm64 | 0.0.1 | 30.00 | OK | |||
r-oldrel-macos-x86_64 | 0.0.1 | 44.00 | OK | |||
r-oldrel-windows-x86_64 | 0.0.1 | 29.00 | 75.00 | 104.00 | OK |
Version: 0.0.1
Check: CRAN incoming feasibility
Result: NOTE
Maintainer: ‘Xinyuan Fan <fxy22@mails.tsinghua.edu.cn>’
The Description field contains
and Wu (2024) <arXiv:2403.00600>.
Please refer to arXiv e-prints via their arXiv DOI <doi:10.48550/arXiv.YYMM.NNNNN>.
Flavors: r-devel-linux-x86_64-debian-clang, r-devel-linux-x86_64-debian-gcc