Last updated on 2025-04-30 04:50:17 CEST.
Flavor | Version | Tinstall | Tcheck | Ttotal | Status | Flags |
---|---|---|---|---|---|---|
r-devel-linux-x86_64-debian-clang | 1.0.2 | 35.59 | 367.85 | 403.44 | NOTE | |
r-devel-linux-x86_64-debian-gcc | 1.0.2 | 25.93 | 225.03 | 250.96 | NOTE | |
r-devel-linux-x86_64-fedora-clang | 1.0.2 | 683.12 | OK | |||
r-devel-linux-x86_64-fedora-gcc | 1.0.2 | 678.32 | OK | |||
r-devel-windows-x86_64 | 1.0.2 | 43.00 | 507.00 | 550.00 | NOTE | |
r-patched-linux-x86_64 | 1.0.2 | 38.84 | 350.62 | 389.46 | NOTE | |
r-release-linux-x86_64 | 1.0.2 | 31.87 | 349.29 | 381.16 | NOTE | |
r-release-macos-arm64 | 1.0.2 | 182.00 | OK | |||
r-release-macos-x86_64 | 1.0.2 | 406.00 | OK | |||
r-release-windows-x86_64 | 1.0.2 | 43.00 | 501.00 | 544.00 | NOTE | |
r-oldrel-macos-arm64 | 1.0.2 | 147.00 | OK | |||
r-oldrel-macos-x86_64 | 1.0.2 | 283.00 | OK | |||
r-oldrel-windows-x86_64 | 1.0.2 | 48.00 | 591.00 | 639.00 | OK |
Version: 1.0.2
Check: CRAN incoming feasibility
Result: NOTE
Maintainer: ‘Eduardo García-Portugués <edgarcia@est-econ.uc3m.es>’
The BugReports field in DESCRIPTION has
https://github.com/egarpor/ridgetorus
which should likely be
https://github.com/egarpor/ridgetorus/issues
instead.
Flavors: r-devel-linux-x86_64-debian-clang, r-devel-linux-x86_64-debian-gcc
Version: 1.0.2
Check: Rd cross-references
Result: NOTE
Found the following Rd file(s) with Rd \link{} targets missing package
anchors:
bvm.Rd: sdetorus
bwc.Rd: sdetorus
bwn.Rd: sdetorus
ridge_fourier_fit.Rd: sphunif
Please provide package anchors for all Rd \link{} targets not in the
package itself and the base packages.
Flavors: r-devel-linux-x86_64-debian-clang, r-devel-linux-x86_64-debian-gcc, r-devel-windows-x86_64, r-patched-linux-x86_64, r-release-linux-x86_64, r-release-windows-x86_64
Version: 1.0.2
Check: examples
Result: NOTE
Examples with CPU (user + system) or elapsed time > 5s
user system elapsed
ridge_scores 4.988 0.034 6.395
Flavor: r-devel-linux-x86_64-debian-clang