Last updated on 2025-02-21 03:52:24 CET.
Flavor | Version | Tinstall | Tcheck | Ttotal | Status | Flags |
---|---|---|---|---|---|---|
r-devel-linux-x86_64-debian-clang | 1.0.2 | 39.10 | 371.15 | 410.25 | NOTE | |
r-devel-linux-x86_64-debian-gcc | 1.0.2 | 27.34 | 223.84 | 251.18 | NOTE | |
r-devel-linux-x86_64-fedora-clang | 1.0.2 | 684.21 | OK | |||
r-devel-linux-x86_64-fedora-gcc | 1.0.2 | 667.81 | OK | |||
r-devel-macos-arm64 | 1.0.2 | 150.00 | OK | |||
r-devel-macos-x86_64 | 1.0.2 | 404.00 | OK | |||
r-devel-windows-x86_64 | 1.0.2 | 40.00 | 494.00 | 534.00 | NOTE | |
r-patched-linux-x86_64 | 1.0.2 | 39.80 | 338.86 | 378.66 | OK | |
r-release-linux-x86_64 | 1.0.2 | 37.57 | 342.10 | 379.67 | OK | |
r-release-macos-arm64 | 1.0.2 | 147.00 | OK | |||
r-release-macos-x86_64 | 1.0.2 | 283.00 | OK | |||
r-release-windows-x86_64 | 1.0.2 | 40.00 | 487.00 | 527.00 | OK | |
r-oldrel-macos-arm64 | 1.0.2 | 163.00 | OK | |||
r-oldrel-macos-x86_64 | 1.0.2 | 396.00 | OK | |||
r-oldrel-windows-x86_64 | 1.0.2 | 46.00 | 504.00 | 550.00 | OK |
Version: 1.0.2
Check: Rd cross-references
Result: NOTE
Found the following Rd file(s) with Rd \link{} targets missing package
anchors:
bvm.Rd: sdetorus
bwc.Rd: sdetorus
bwn.Rd: sdetorus
ridge_fourier_fit.Rd: sphunif
Please provide package anchors for all Rd \link{} targets not in the
package itself and the base packages.
Flavors: r-devel-linux-x86_64-debian-clang, r-devel-linux-x86_64-debian-gcc, r-devel-windows-x86_64