Last updated on 2025-04-30 04:50:17 CEST.
Flavor | Version | Tinstall | Tcheck | Ttotal | Status | Flags |
---|---|---|---|---|---|---|
r-devel-linux-x86_64-debian-clang | 0.1.0 | 7.06 | 152.16 | 159.22 | NOTE | |
r-devel-linux-x86_64-debian-gcc | 0.1.0 | 5.18 | 106.16 | 111.34 | NOTE | |
r-devel-linux-x86_64-fedora-clang | 0.1.0 | 238.38 | OK | |||
r-devel-linux-x86_64-fedora-gcc | 0.1.0 | 228.17 | OK | |||
r-devel-windows-x86_64 | 0.1.0 | 8.00 | 169.00 | 177.00 | OK | |
r-patched-linux-x86_64 | 0.1.0 | 6.95 | 142.79 | 149.74 | OK | |
r-release-linux-x86_64 | 0.1.0 | 6.47 | 141.48 | 147.95 | OK | |
r-release-macos-arm64 | 0.1.0 | 67.00 | OK | |||
r-release-macos-x86_64 | 0.1.0 | 148.00 | OK | |||
r-release-windows-x86_64 | 0.1.0 | 10.00 | 157.00 | 167.00 | OK | |
r-oldrel-macos-arm64 | 0.1.0 | 70.00 | OK | |||
r-oldrel-macos-x86_64 | 0.1.0 | 103.00 | OK | |||
r-oldrel-windows-x86_64 | 0.1.0 | 11.00 | 197.00 | 208.00 | OK |
Version: 0.1.0
Check: examples
Result: NOTE
Examples with CPU (user + system) or elapsed time > 5s
user system elapsed
plot.rifreg 7.889 0.201 9.659
Flavor: r-devel-linux-x86_64-debian-clang
Version: 0.1.0
Check: examples
Result: NOTE
Examples with CPU (user + system) or elapsed time > 5s
user system elapsed
plot.rifreg 4.988 0.206 6.137
Flavor: r-devel-linux-x86_64-debian-gcc