Last updated on 2025-04-30 04:50:17 CEST.
Flavor | Version | Tinstall | Tcheck | Ttotal | Status | Flags |
---|---|---|---|---|---|---|
r-devel-linux-x86_64-debian-clang | 0.3.1 | 3.31 | 31.39 | 34.70 | OK | |
r-devel-linux-x86_64-debian-gcc | 0.3.1 | 2.50 | 24.59 | 27.09 | OK | |
r-devel-linux-x86_64-fedora-clang | 0.3.1 | 52.49 | OK | |||
r-devel-linux-x86_64-fedora-gcc | 0.3.1 | 50.42 | OK | |||
r-devel-windows-x86_64 | 0.3.1 | 4.00 | 58.00 | 62.00 | OK | |
r-patched-linux-x86_64 | 0.3.1 | 3.26 | 28.90 | 32.16 | OK | |
r-release-linux-x86_64 | 0.3.1 | 2.67 | 29.21 | 31.88 | OK | |
r-release-macos-arm64 | 0.3.1 | 28.00 | OK | |||
r-release-macos-x86_64 | 0.3.1 | 71.00 | OK | |||
r-release-windows-x86_64 | 0.3.1 | 5.00 | 63.00 | 68.00 | OK | |
r-oldrel-macos-arm64 | 0.3.1 | 21.00 | NOTE | |||
r-oldrel-macos-x86_64 | 0.3.1 | 29.00 | NOTE | |||
r-oldrel-windows-x86_64 | 0.3.1 | 6.00 | 57.00 | 63.00 | NOTE |
Version: 0.3.1
Check: LazyData
Result: NOTE
'LazyData' is specified without a 'data' directory
Flavors: r-oldrel-macos-arm64, r-oldrel-macos-x86_64, r-oldrel-windows-x86_64