Last updated on 2025-04-30 04:50:17 CEST.
Flavor | Version | Tinstall | Tcheck | Ttotal | Status | Flags |
---|---|---|---|---|---|---|
r-devel-linux-x86_64-debian-clang | 0.3.0 | 2.30 | 29.21 | 31.51 | NOTE | |
r-devel-linux-x86_64-debian-gcc | 0.3.0 | 1.62 | 22.71 | 24.33 | OK | |
r-devel-linux-x86_64-fedora-clang | 0.3.0 | 46.55 | OK | |||
r-devel-linux-x86_64-fedora-gcc | 0.3.0 | 45.24 | OK | |||
r-devel-windows-x86_64 | 0.3.0 | 3.00 | 62.00 | 65.00 | OK | |
r-patched-linux-x86_64 | 0.3.0 | 2.52 | 27.15 | 29.67 | OK | |
r-release-linux-x86_64 | 0.3.0 | 2.33 | 26.55 | 28.88 | OK | |
r-release-macos-arm64 | 0.3.0 | 18.00 | OK | |||
r-release-macos-x86_64 | 0.3.0 | 35.00 | OK | |||
r-release-windows-x86_64 | 0.3.0 | 4.00 | 54.00 | 58.00 | OK | |
r-oldrel-macos-arm64 | 0.3.0 | 19.00 | OK | |||
r-oldrel-macos-x86_64 | 0.3.0 | 50.00 | OK | |||
r-oldrel-windows-x86_64 | 0.3.0 | 5.00 | 55.00 | 60.00 | OK |
Version: 0.3.0
Check: examples
Result: NOTE
Examples with CPU (user + system) or elapsed time > 5s
user system elapsed
contribution 4.206 0.238 5.043
Flavor: r-devel-linux-x86_64-debian-clang