CRAN Package Check Results for Package ripc

Last updated on 2025-04-30 04:50:17 CEST.

Flavor Version Tinstall Tcheck Ttotal Status Flags
r-devel-linux-x86_64-debian-clang 0.3.1 4.10 38.59 42.69 NOTE
r-devel-linux-x86_64-debian-gcc 0.3.1 2.96 29.51 32.47 NOTE
r-devel-linux-x86_64-fedora-clang 0.3.1 66.64 NOTE
r-devel-linux-x86_64-fedora-gcc 0.3.1 77.37 NOTE
r-devel-windows-x86_64 0.3.1 7.00 60.00 67.00 NOTE
r-patched-linux-x86_64 0.3.1 4.70 36.25 40.95 NOTE
r-release-linux-x86_64 0.3.1 4.45 36.38 40.83 NOTE
r-release-macos-arm64 0.3.1 26.00 NOTE
r-release-macos-x86_64 0.3.1 43.00 NOTE
r-release-windows-x86_64 0.3.1 6.00 57.00 63.00 NOTE
r-oldrel-macos-arm64 0.3.1 38.00 OK
r-oldrel-macos-x86_64 0.3.1 57.00 OK
r-oldrel-windows-x86_64 0.3.1 9.00 63.00 72.00 OK

Check Details

Version: 0.3.1
Check: DESCRIPTION meta-information
Result: NOTE Missing dependency on R >= 4.1.0 because package code uses the pipe |> or function shorthand \(...) syntax added in R 4.1.0. File(s) using such syntax: ‘population_utils.R’ Flavors: r-devel-linux-x86_64-debian-clang, r-devel-linux-x86_64-debian-gcc, r-devel-linux-x86_64-fedora-clang, r-devel-linux-x86_64-fedora-gcc, r-devel-windows-x86_64, r-patched-linux-x86_64, r-release-linux-x86_64, r-release-macos-arm64, r-release-macos-x86_64, r-release-windows-x86_64