CRAN Package Check Results for Package riskSimul

Last updated on 2025-04-30 04:50:17 CEST.

Flavor Version Tinstall Tcheck Ttotal Status Flags
r-devel-linux-x86_64-debian-clang 0.1.2 3.30 30.54 33.84 NOTE
r-devel-linux-x86_64-debian-gcc 0.1.2 2.37 22.34 24.71 OK
r-devel-linux-x86_64-fedora-clang 0.1.2 54.05 OK
r-devel-linux-x86_64-fedora-gcc 0.1.2 50.86 OK
r-devel-windows-x86_64 0.1.2 4.00 51.00 55.00 OK
r-patched-linux-x86_64 0.1.2 3.21 29.08 32.29 OK
r-release-linux-x86_64 0.1.2 3.27 28.82 32.09 OK
r-release-macos-arm64 0.1.2 23.00 OK
r-release-macos-x86_64 0.1.2 36.00 OK
r-release-windows-x86_64 0.1.2 4.00 49.00 53.00 OK
r-oldrel-macos-arm64 0.1.2 17.00 OK
r-oldrel-macos-x86_64 0.1.2 38.00 OK
r-oldrel-windows-x86_64 0.1.2 4.00 53.00 57.00 OK

Check Details

Version: 0.1.2
Check: examples
Result: NOTE Examples with CPU (user + system) or elapsed time > 5s user system elapsed SISTCopula 4.288 0.075 6.352 Flavor: r-devel-linux-x86_64-debian-clang