Last updated on 2025-04-30 04:50:17 CEST.
Flavor | Version | Tinstall | Tcheck | Ttotal | Status | Flags |
---|---|---|---|---|---|---|
r-devel-linux-x86_64-debian-clang | 2.0-5 | 7.80 | 68.87 | 76.67 | NOTE | |
r-devel-linux-x86_64-debian-gcc | 2.0-5 | 6.85 | 53.34 | 60.19 | NOTE | |
r-devel-linux-x86_64-fedora-clang | 2.0-5 | 117.43 | OK | |||
r-devel-linux-x86_64-fedora-gcc | 2.0-5 | 115.81 | OK | |||
r-devel-windows-x86_64 | 2.0-5 | 10.00 | 80.00 | 90.00 | OK | |
r-patched-linux-x86_64 | 2.0-5 | 8.84 | 66.37 | 75.21 | OK | |
r-release-linux-x86_64 | 2.0-5 | 8.51 | 67.00 | 75.51 | OK | |
r-release-macos-arm64 | 2.0-5 | 40.00 | OK | |||
r-release-macos-x86_64 | 2.0-5 | 72.00 | OK | |||
r-release-windows-x86_64 | 2.0-5 | 10.00 | 80.00 | 90.00 | OK | |
r-oldrel-macos-arm64 | 2.0-5 | 37.00 | OK | |||
r-oldrel-macos-x86_64 | 2.0-5 | 54.00 | OK | |||
r-oldrel-windows-x86_64 | 2.0-5 | 11.00 | 91.00 | 102.00 | OK |
Version: 2.0-5
Check: CRAN incoming feasibility
Result: NOTE
Maintainer: ‘Gabriela Cohen-Freue <gcohen@stat.ubc.ca>’
No Authors@R field in DESCRIPTION.
Please add one, modifying
Authors@R: c(person(given = "Gabriela",
family = "Cohen-Freue",
role = c("aut", "cre"),
email = "gcohen@stat.ubc.ca"),
person(given = "Davor",
family = "Cubranic",
role = "aut"),
person(given = c("with", "contributions", "from", "B."),
family = "Kaufmann",
role = "aut"),
person(given = "R.H.",
family = "Zamar",
role = "aut"))
as necessary.
Flavors: r-devel-linux-x86_64-debian-clang, r-devel-linux-x86_64-debian-gcc