Last updated on 2025-04-30 04:50:17 CEST.
Flavor | Version | Tinstall | Tcheck | Ttotal | Status | Flags |
---|---|---|---|---|---|---|
r-devel-linux-x86_64-debian-clang | 0.17.1 | 11.43 | 151.09 | 162.52 | NOTE | |
r-devel-linux-x86_64-debian-gcc | 0.17.1 | 7.45 | 104.07 | 111.52 | NOTE | |
r-devel-linux-x86_64-fedora-clang | 0.17.1 | 252.56 | NOTE | |||
r-devel-linux-x86_64-fedora-gcc | 0.17.1 | 259.96 | NOTE | |||
r-devel-windows-x86_64 | 0.17.1 | 12.00 | 161.00 | 173.00 | NOTE | |
r-patched-linux-x86_64 | 0.17.1 | 12.41 | 143.65 | 156.06 | NOTE | |
r-release-linux-x86_64 | 0.17.1 | 10.86 | 143.22 | 154.08 | NOTE | |
r-release-macos-arm64 | 0.17.1 | 77.00 | NOTE | |||
r-release-macos-x86_64 | 0.17.1 | 152.00 | NOTE | |||
r-release-windows-x86_64 | 0.17.1 | 16.00 | 165.00 | 181.00 | NOTE | |
r-oldrel-macos-arm64 | 0.17.1 | 72.00 | OK | |||
r-oldrel-macos-x86_64 | 0.17.1 | 125.00 | OK | |||
r-oldrel-windows-x86_64 | 0.17.1 | 17.00 | 193.00 | 210.00 | OK |
Version: 0.17.1
Check: DESCRIPTION meta-information
Result: NOTE
Missing dependency on R >= 4.1.0 because package code uses the pipe
|> or function shorthand \(...) syntax added in R 4.1.0.
File(s) using such syntax:
‘plotdensity.R’
Flavors: r-devel-linux-x86_64-debian-clang, r-devel-linux-x86_64-debian-gcc, r-devel-linux-x86_64-fedora-clang, r-devel-linux-x86_64-fedora-gcc, r-devel-windows-x86_64, r-patched-linux-x86_64, r-release-linux-x86_64, r-release-macos-arm64, r-release-macos-x86_64, r-release-windows-x86_64
Version: 0.17.1
Check: examples
Result: NOTE
Examples with CPU (user + system) or elapsed time > 5s
user system elapsed
densityanomaly 9.3 0.091 11.842
Flavor: r-devel-linux-x86_64-debian-clang
Version: 0.17.1
Check: examples
Result: NOTE
Examples with CPU (user + system) or elapsed time > 5s
user system elapsed
densityanomaly 4.942 0.034 5.239
Flavor: r-devel-linux-x86_64-debian-gcc