Last updated on 2025-04-30 04:50:17 CEST.
Flavor | Version | Tinstall | Tcheck | Ttotal | Status | Flags |
---|---|---|---|---|---|---|
r-devel-linux-x86_64-debian-clang | 0.1.5 | 4.84 | 52.63 | 57.47 | NOTE | |
r-devel-linux-x86_64-debian-gcc | 0.1.5 | 3.43 | 39.66 | 43.09 | NOTE | |
r-devel-linux-x86_64-fedora-clang | 0.1.5 | 89.02 | OK | |||
r-devel-linux-x86_64-fedora-gcc | 0.1.5 | 85.39 | OK | |||
r-devel-windows-x86_64 | 0.1.5 | 6.00 | 65.00 | 71.00 | OK | |
r-patched-linux-x86_64 | 0.1.5 | 3.57 | 49.40 | 52.97 | OK | |
r-release-linux-x86_64 | 0.1.5 | 4.50 | 49.13 | 53.63 | OK | |
r-release-macos-arm64 | 0.1.5 | 29.00 | OK | |||
r-release-macos-x86_64 | 0.1.5 | 48.00 | OK | |||
r-release-windows-x86_64 | 0.1.5 | 8.00 | 63.00 | 71.00 | OK | |
r-oldrel-macos-arm64 | 0.1.5 | 28.00 | OK | |||
r-oldrel-macos-x86_64 | 0.1.5 | 67.00 | OK | |||
r-oldrel-windows-x86_64 | 0.1.5 | 8.00 | 65.00 | 73.00 | OK |
Version: 0.1.5
Check: examples
Result: NOTE
Examples with CPU (user + system) or elapsed time > 5s
user system elapsed
plot.sc_dashboard 6.762 0.311 4.797
Flavor: r-devel-linux-x86_64-debian-clang
Version: 0.1.5
Check: examples
Result: NOTE
Examples with CPU (user + system) or elapsed time > 5s
user system elapsed
plot.sc_dashboard 4.826 0.324 3.773
Flavor: r-devel-linux-x86_64-debian-gcc