Last updated on 2025-04-30 04:50:17 CEST.
Flavor | Version | Tinstall | Tcheck | Ttotal | Status | Flags |
---|---|---|---|---|---|---|
r-devel-linux-x86_64-debian-clang | 0.2.3 | 2.07 | 21.19 | 23.26 | OK | |
r-devel-linux-x86_64-debian-gcc | 0.2.3 | 1.44 | 17.15 | 18.59 | OK | |
r-devel-linux-x86_64-fedora-clang | 0.2.3 | 34.66 | OK | |||
r-devel-linux-x86_64-fedora-gcc | 0.2.3 | 33.32 | OK | |||
r-devel-windows-x86_64 | 0.2.3 | 3.00 | 41.00 | 44.00 | OK | |
r-patched-linux-x86_64 | 0.2.3 | 1.77 | 19.60 | 21.37 | OK | |
r-release-linux-x86_64 | 0.2.3 | 1.95 | 19.15 | 21.10 | OK | |
r-release-macos-arm64 | 0.2.3 | 17.00 | OK | |||
r-release-macos-x86_64 | 0.2.3 | 26.00 | OK | |||
r-release-windows-x86_64 | 0.2.3 | 3.00 | 45.00 | 48.00 | OK | |
r-oldrel-macos-arm64 | 0.2.3 | 14.00 | NOTE | |||
r-oldrel-macos-x86_64 | 0.2.3 | 22.00 | NOTE | |||
r-oldrel-windows-x86_64 | 0.2.3 | 3.00 | 45.00 | 48.00 | NOTE |
Version: 0.2.3
Check: LazyData
Result: NOTE
'LazyData' is specified without a 'data' directory
Flavors: r-oldrel-macos-arm64, r-oldrel-macos-x86_64, r-oldrel-windows-x86_64