Last updated on 2025-04-30 04:50:17 CEST.
Flavor | Version | Tinstall | Tcheck | Ttotal | Status | Flags |
---|---|---|---|---|---|---|
r-devel-linux-x86_64-debian-clang | 0.9.2 | 2.67 | 20.49 | 23.16 | NOTE | |
r-devel-linux-x86_64-debian-gcc | 0.9.2 | 2.08 | 16.72 | 18.80 | NOTE | |
r-devel-linux-x86_64-fedora-clang | 0.9.2 | 35.73 | OK | |||
r-devel-linux-x86_64-fedora-gcc | 0.9.2 | 34.24 | OK | |||
r-devel-windows-x86_64 | 0.9.2 | 5.00 | 47.00 | 52.00 | OK | |
r-patched-linux-x86_64 | 0.9.2 | 2.66 | 19.66 | 22.32 | OK | |
r-release-linux-x86_64 | 0.9.2 | 2.64 | 20.00 | 22.64 | OK | |
r-release-macos-arm64 | 0.9.2 | 19.00 | OK | |||
r-release-macos-x86_64 | 0.9.2 | 28.00 | OK | |||
r-release-windows-x86_64 | 0.9.2 | 7.00 | 48.00 | 55.00 | OK | |
r-oldrel-macos-arm64 | 0.9.2 | 23.00 | OK | |||
r-oldrel-macos-x86_64 | 0.9.2 | 33.00 | OK | |||
r-oldrel-windows-x86_64 | 0.9.2 | 6.00 | 48.00 | 54.00 | OK |
Version: 0.9.2
Check: CRAN incoming feasibility
Result: NOTE
Maintainer: ‘Pavel N. Krivitsky <pavel@statnet.org>’
Package has help file(s) containing later-stage \Sexpr{} expressions
but no 'build/stage23.rdb' file.
Flavors: r-devel-linux-x86_64-debian-clang, r-devel-linux-x86_64-debian-gcc