CRAN Package Check Results for Package rlfsm

Last updated on 2025-04-30 04:50:17 CEST.

Flavor Version Tinstall Tcheck Ttotal Status Flags
r-devel-linux-x86_64-debian-clang 1.1.2 13.57 69.79 83.36 NOTE
r-devel-linux-x86_64-debian-gcc 1.1.2 9.44 49.30 58.74 NOTE
r-devel-linux-x86_64-fedora-clang 1.1.2 125.36 OK
r-devel-linux-x86_64-fedora-gcc 1.1.2 120.20 OK
r-devel-windows-x86_64 1.1.2 18.00 117.00 135.00 OK
r-patched-linux-x86_64 1.1.2 12.88 67.53 80.41 OK
r-release-linux-x86_64 1.1.2 12.87 66.81 79.68 OK
r-release-macos-arm64 1.1.2 42.00 OK
r-release-macos-x86_64 1.1.2 73.00 OK
r-release-windows-x86_64 1.1.2 19.00 111.00 130.00 OK
r-oldrel-macos-arm64 1.1.2 40.00 OK
r-oldrel-macos-x86_64 1.1.2 67.00 OK
r-oldrel-windows-x86_64 1.1.2 21.00 135.00 156.00 OK

Check Details

Version: 1.1.2
Check: CRAN incoming feasibility
Result: NOTE Maintainer: ‘Dmitry Otryakhin <d.otryakhin.acad@protonmail.ch>’ Package CITATION file contains call(s) to old-style citEntry(). Please use bibentry() instead. The Description field contains Otryakhin and Podolskij (2018) <arXiv:1802.06373>, and also different Please refer to arXiv e-prints via their arXiv DOI <doi:10.48550/arXiv.YYMM.NNNNN>. Flavors: r-devel-linux-x86_64-debian-clang, r-devel-linux-x86_64-debian-gcc

Version: 1.1.2
Check: examples
Result: NOTE Examples with CPU (user + system) or elapsed time > 5s user system elapsed Plot_vb 4.329 0.118 6.126 Flavor: r-devel-linux-x86_64-debian-clang