CRAN Package Check Results for Package rlistings

Last updated on 2025-04-30 04:50:17 CEST.

Flavor Version Tinstall Tcheck Ttotal Status Flags
r-devel-linux-x86_64-debian-clang 0.2.11 6.70 125.44 132.14 NOTE
r-devel-linux-x86_64-debian-gcc 0.2.11 4.64 83.35 87.99 NOTE
r-devel-linux-x86_64-fedora-clang 0.2.11 213.61 OK
r-devel-linux-x86_64-fedora-gcc 0.2.11 217.23 OK
r-devel-windows-x86_64 0.2.11 8.00 133.00 141.00 OK
r-patched-linux-x86_64 0.2.11 6.53 119.90 126.43 OK
r-release-linux-x86_64 0.2.11 6.58 119.02 125.60 OK
r-release-macos-arm64 0.2.11 63.00 OK
r-release-macos-x86_64 0.2.11 150.00 OK
r-release-windows-x86_64 0.2.11 8.00 130.00 138.00 OK
r-oldrel-macos-arm64 0.2.11 71.00 OK
r-oldrel-macos-x86_64 0.2.11 167.00 OK
r-oldrel-windows-x86_64 0.2.11 10.00 166.00 176.00 OK

Check Details

Version: 0.2.11
Check: examples
Result: NOTE Examples with CPU (user + system) or elapsed time > 5s user system elapsed reexports 9.168 0.023 11.268 Flavor: r-devel-linux-x86_64-debian-clang

Version: 0.2.11
Check: examples
Result: NOTE Examples with CPU (user + system) or elapsed time > 5s user system elapsed reexports 5.054 0.065 6.08 Flavor: r-devel-linux-x86_64-debian-gcc