Last updated on 2025-04-30 04:50:17 CEST.
Flavor | Version | Tinstall | Tcheck | Ttotal | Status | Flags |
---|---|---|---|---|---|---|
r-devel-linux-x86_64-debian-clang | 0.5 | 35.21 | 94.04 | 129.25 | NOTE | |
r-devel-linux-x86_64-debian-gcc | 0.5 | 25.47 | 70.26 | 95.73 | NOTE | |
r-devel-linux-x86_64-fedora-clang | 0.5 | 213.08 | OK | |||
r-devel-linux-x86_64-fedora-gcc | 0.5 | 205.65 | OK | |||
r-devel-windows-x86_64 | 0.5 | 40.00 | 120.00 | 160.00 | OK | |
r-patched-linux-x86_64 | 0.5 | 34.67 | 91.41 | 126.08 | OK | |
r-release-linux-x86_64 | 0.5 | 34.47 | 92.13 | 126.60 | OK | |
r-release-macos-arm64 | 0.5 | 56.00 | OK | |||
r-release-macos-x86_64 | 0.5 | 109.00 | OK | |||
r-release-windows-x86_64 | 0.5 | 40.00 | 114.00 | 154.00 | OK | |
r-oldrel-macos-arm64 | 0.5 | 50.00 | OK | |||
r-oldrel-macos-x86_64 | 0.5 | 83.00 | OK | |||
r-oldrel-windows-x86_64 | 0.5 | 46.00 | 144.00 | 190.00 | OK |
Version: 0.5
Check: CRAN incoming feasibility
Result: NOTE
Maintainer: ‘Yusuf Bilgic <bilgic@geneseo.edu>’
No Authors@R field in DESCRIPTION.
Please add one, modifying
Authors@R: c(person(given = "Yusuf",
family = "Bilgic",
role = c("aut", "cre"),
email = "bilgic@geneseo.edu"),
person(given = "Herb",
family = "Susmann",
role = "aut"),
person(given = "Joseph",
family = "McKean",
role = "aut"))
as necessary.
Flavors: r-devel-linux-x86_64-debian-clang, r-devel-linux-x86_64-debian-gcc