Last updated on 2025-04-30 04:50:17 CEST.
Flavor | Version | Tinstall | Tcheck | Ttotal | Status | Flags |
---|---|---|---|---|---|---|
r-devel-linux-x86_64-debian-clang | 0.1.16 | 1126.03 | 190.29 | 1316.32 | OK | |
r-devel-linux-x86_64-debian-gcc | 0.1.16 | 1086.04 | 222.33 | 1308.37 | OK | |
r-devel-linux-x86_64-fedora-clang | 0.1.16 | 2036.05 | OK | |||
r-devel-linux-x86_64-fedora-gcc | 0.1.16 | 2992.43 | OK | |||
r-devel-windows-x86_64 | 0.1.16 | 1287.00 | 332.00 | 1619.00 | OK | |
r-patched-linux-x86_64 | 0.1.16 | 1376.19 | 309.30 | 1685.49 | OK | |
r-release-linux-x86_64 | 0.1.16 | 1328.72 | 309.77 | 1638.49 | OK | |
r-release-macos-arm64 | 0.1.16 | 504.00 | OK | |||
r-release-macos-x86_64 | 0.1.16 | 696.00 | OK | |||
r-release-windows-x86_64 | 0.1.16 | 1288.00 | 333.00 | 1621.00 | OK | |
r-oldrel-macos-arm64 | 0.1.16 | 283.00 | NOTE | |||
r-oldrel-macos-x86_64 | 0.1.16 | 215.00 | NOTE | |||
r-oldrel-windows-x86_64 | 0.1.16 | 1380.00 | 385.00 | 1765.00 | NOTE |
Version: 0.1.16
Check: installed package size
Result: NOTE
installed size is 143.2Mb
sub-directories of 1Mb or more:
libs 142.8Mb
Flavors: r-oldrel-macos-arm64, r-oldrel-macos-x86_64, r-oldrel-windows-x86_64
Version: 0.1.16
Check: for GNU extensions in Makefiles
Result: NOTE
GNU make is a SystemRequirements.
Flavors: r-oldrel-macos-arm64, r-oldrel-macos-x86_64, r-oldrel-windows-x86_64