Last updated on 2025-02-21 03:52:24 CET.
Flavor | Version | Tinstall | Tcheck | Ttotal | Status | Flags |
---|---|---|---|---|---|---|
r-devel-linux-x86_64-debian-clang | 0.1.16 | 1137.81 | 188.62 | 1326.43 | OK | |
r-devel-linux-x86_64-debian-gcc | 0.1.16 | 1089.27 | 223.44 | 1312.71 | OK | |
r-devel-linux-x86_64-fedora-clang | 0.1.16 | 2045.12 | OK | |||
r-devel-linux-x86_64-fedora-gcc | 0.1.16 | 3004.71 | OK | |||
r-devel-macos-arm64 | 0.1.16 | 511.00 | OK | |||
r-devel-macos-x86_64 | 0.1.16 | 696.00 | OK | |||
r-devel-windows-x86_64 | 0.1.16 | 1086.00 | 306.00 | 1392.00 | OK | |
r-patched-linux-x86_64 | 0.1.16 | 1350.07 | 299.99 | 1650.06 | NOTE | |
r-release-linux-x86_64 | 0.1.16 | 1369.96 | 297.85 | 1667.81 | NOTE | |
r-release-macos-arm64 | 0.1.16 | 283.00 | NOTE | |||
r-release-macos-x86_64 | 0.1.16 | 215.00 | NOTE | |||
r-release-windows-x86_64 | 0.1.16 | 1081.00 | 293.00 | 1374.00 | NOTE | |
r-oldrel-macos-arm64 | 0.1.16 | 500.00 | NOTE | |||
r-oldrel-macos-x86_64 | 0.1.16 | 496.00 | NOTE | |||
r-oldrel-windows-x86_64 | 0.1.16 | 1473.00 | 350.00 | 1823.00 | NOTE |
Version: 0.1.16
Check: for GNU extensions in Makefiles
Result: NOTE
GNU make is a SystemRequirements.
Flavors: r-patched-linux-x86_64, r-release-linux-x86_64, r-release-macos-arm64, r-release-macos-x86_64, r-release-windows-x86_64, r-oldrel-macos-arm64, r-oldrel-macos-x86_64, r-oldrel-windows-x86_64
Version: 0.1.16
Check: installed package size
Result: NOTE
installed size is 143.2Mb
sub-directories of 1Mb or more:
libs 142.8Mb
Flavors: r-release-macos-arm64, r-release-macos-x86_64, r-release-windows-x86_64, r-oldrel-macos-arm64, r-oldrel-macos-x86_64, r-oldrel-windows-x86_64