Last updated on 2025-04-30 04:50:17 CEST.
Flavor | Version | Tinstall | Tcheck | Ttotal | Status | Flags |
---|---|---|---|---|---|---|
r-devel-linux-x86_64-debian-clang | 0.5.0 | 5.76 | 72.59 | 78.35 | NOTE | |
r-devel-linux-x86_64-debian-gcc | 0.5.0 | 3.71 | 54.97 | 58.68 | NOTE | |
r-devel-linux-x86_64-fedora-clang | 0.5.0 | 118.26 | NOTE | |||
r-devel-linux-x86_64-fedora-gcc | 0.5.0 | 132.69 | NOTE | |||
r-devel-windows-x86_64 | 0.5.0 | 8.00 | 87.00 | 95.00 | NOTE | |
r-patched-linux-x86_64 | 0.5.0 | 5.83 | 69.42 | 75.25 | NOTE | |
r-release-linux-x86_64 | 0.5.0 | 5.33 | 68.95 | 74.28 | NOTE | |
r-release-macos-arm64 | 0.5.0 | 44.00 | NOTE | |||
r-release-macos-x86_64 | 0.5.0 | 77.00 | NOTE | |||
r-release-windows-x86_64 | 0.5.0 | 9.00 | 90.00 | 99.00 | NOTE | |
r-oldrel-macos-arm64 | 0.5.0 | 42.00 | NOTE | |||
r-oldrel-macos-x86_64 | 0.5.0 | 63.00 | NOTE | |||
r-oldrel-windows-x86_64 | 0.5.0 | 10.00 | 98.00 | 108.00 | NOTE |
Version: 0.5.0
Check: Rd files
Result: NOTE
checkRd: (-1) ms_simplify.Rd:36: Lost braces
36 | \url{https://github.com/mbloch/mapshaper/wiki/Simplification-Tips}{link}
| ^
Flavors: r-devel-linux-x86_64-debian-clang, r-devel-linux-x86_64-debian-gcc, r-devel-linux-x86_64-fedora-clang, r-devel-linux-x86_64-fedora-gcc, r-devel-windows-x86_64, r-patched-linux-x86_64, r-release-linux-x86_64, r-release-macos-arm64, r-release-macos-x86_64, r-release-windows-x86_64, r-oldrel-macos-arm64, r-oldrel-macos-x86_64, r-oldrel-windows-x86_64