Last updated on 2025-04-30 04:50:17 CEST.
Flavor | Version | Tinstall | Tcheck | Ttotal | Status | Flags |
---|---|---|---|---|---|---|
r-devel-linux-x86_64-debian-clang | 0.1.0 | 13.09 | 100.46 | 113.55 | NOTE | |
r-devel-linux-x86_64-debian-gcc | 0.1.0 | 7.98 | 73.47 | 81.45 | NOTE | |
r-devel-linux-x86_64-fedora-clang | 0.1.0 | 172.83 | OK | |||
r-devel-linux-x86_64-fedora-gcc | 0.1.0 | 162.46 | OK | |||
r-devel-windows-x86_64 | 0.1.0 | 13.00 | 106.00 | 119.00 | OK | |
r-patched-linux-x86_64 | 0.1.0 | 12.93 | 93.92 | 106.85 | OK | |
r-release-linux-x86_64 | 0.1.0 | 12.11 | 93.74 | 105.85 | OK | |
r-release-macos-arm64 | 0.1.0 | 38.00 | OK | |||
r-release-macos-x86_64 | 0.1.0 | 91.00 | OK | |||
r-release-windows-x86_64 | 0.1.0 | 13.00 | 110.00 | 123.00 | OK | |
r-oldrel-macos-arm64 | 0.1.0 | 44.00 | OK | |||
r-oldrel-macos-x86_64 | 0.1.0 | 68.00 | OK | |||
r-oldrel-windows-x86_64 | 0.1.0 | 17.00 | 124.00 | 141.00 | OK |
Version: 0.1.0
Check: CRAN incoming feasibility
Result: NOTE
Maintainer: ‘Lukasz Smaga <ls@amu.edu.pl>’
The Description field contains
<arXiv:2306.03883>). These procedures enable us to verify the overall
Please refer to arXiv e-prints via their arXiv DOI <doi:10.48550/arXiv.YYMM.NNNNN>.
Flavors: r-devel-linux-x86_64-debian-clang, r-devel-linux-x86_64-debian-gcc
Version: 0.1.0
Check: examples
Result: NOTE
Examples with CPU (user + system) or elapsed time > 5s
user system elapsed
rmfanova 0.922 0.026 8.347
Flavor: r-devel-linux-x86_64-debian-clang
Version: 0.1.0
Check: examples
Result: NOTE
Examples with CPU (user + system) or elapsed time > 5s
user system elapsed
rmfanova 0.577 0.255 6.778
Flavor: r-devel-linux-x86_64-debian-gcc