CRAN Package Check Results for Package rmoo

Last updated on 2025-04-30 04:50:17 CEST.

Flavor Version Tinstall Tcheck Ttotal Status Flags
r-devel-linux-x86_64-debian-clang 0.2.0 10.29 78.62 88.91 NOTE
r-devel-linux-x86_64-debian-gcc 0.2.0 8.08 56.21 64.29 NOTE
r-devel-linux-x86_64-fedora-clang 0.2.0 131.56 NOTE
r-devel-linux-x86_64-fedora-gcc 0.2.0 123.92 NOTE
r-devel-windows-x86_64 0.2.0 15.00 98.00 113.00 NOTE
r-patched-linux-x86_64 0.2.0 13.45 72.12 85.57 NOTE
r-release-linux-x86_64 0.2.0 10.93 72.84 83.77 NOTE
r-release-macos-arm64 0.2.0 38.00 NOTE
r-release-macos-x86_64 0.2.0 76.00 NOTE
r-release-windows-x86_64 0.2.0 15.00 97.00 112.00 NOTE
r-oldrel-macos-arm64 0.2.0 39.00 NOTE
r-oldrel-macos-x86_64 0.2.0 109.00 NOTE
r-oldrel-windows-x86_64 0.2.0 18.00 114.00 132.00 NOTE

Check Details

Version: 0.2.0
Check: Rd files
Result: NOTE checkRd: (-1) nsgaControl.Rd:20-27: Lost braces in \itemize; meant \describe ? checkRd: (-1) nsgaControl.Rd:28-35: Lost braces in \itemize; meant \describe ? checkRd: (-1) nsgaControl.Rd:36-43: Lost braces in \itemize; meant \describe ? checkRd: (-1) nsgaControl.Rd:45: Lost braces in \itemize; meant \describe ? checkRd: (-1) plot-methods.Rd:53: Lost braces in \itemize; meant \describe ? checkRd: (-1) plot-methods.Rd:54: Lost braces in \itemize; meant \describe ? checkRd: (-1) plot-methods.Rd:55: Lost braces in \itemize; meant \describe ? checkRd: (-1) plot-methods.Rd:56: Lost braces in \itemize; meant \describe ? Flavors: r-devel-linux-x86_64-debian-clang, r-devel-linux-x86_64-debian-gcc, r-devel-linux-x86_64-fedora-clang, r-devel-linux-x86_64-fedora-gcc, r-devel-windows-x86_64, r-patched-linux-x86_64, r-release-linux-x86_64, r-release-macos-arm64, r-release-macos-x86_64, r-release-windows-x86_64, r-oldrel-macos-arm64, r-oldrel-macos-x86_64, r-oldrel-windows-x86_64