Last updated on 2025-04-30 04:50:17 CEST.
Flavor | Version | Tinstall | Tcheck | Ttotal | Status | Flags |
---|---|---|---|---|---|---|
r-devel-linux-x86_64-debian-clang | 1.1-2 | 357.04 | 187.42 | 544.46 | OK | |
r-devel-linux-x86_64-debian-gcc | 1.1-2 | 334.15 | 160.61 | 494.76 | OK | |
r-devel-linux-x86_64-fedora-clang | 1.1-2 | 826.17 | OK | |||
r-devel-linux-x86_64-fedora-gcc | 1.1-2 | 1108.68 | OK | |||
r-devel-windows-x86_64 | 1.1-2 | 401.00 | 236.00 | 637.00 | OK | |
r-patched-linux-x86_64 | 1.1-2 | 420.28 | 213.79 | 634.07 | OK | |
r-release-linux-x86_64 | 1.1-2 | 408.77 | 215.33 | 624.10 | OK | |
r-release-macos-arm64 | 1.1-2 | 178.00 | OK | |||
r-release-macos-x86_64 | 1.1-2 | 312.00 | OK | |||
r-release-windows-x86_64 | 1.1-2 | 400.00 | 226.00 | 626.00 | OK | |
r-oldrel-macos-arm64 | 1.1-2 | 229.00 | NOTE | |||
r-oldrel-macos-x86_64 | 1.1-2 | 329.00 | NOTE | |||
r-oldrel-windows-x86_64 | 1.1-2 | 446.00 | 281.00 | 727.00 | NOTE |
Version: 1.1-2
Check: package dependencies
Result: NOTE
Package suggested but not available for checking: ‘cmdstanr’
Flavors: r-oldrel-macos-arm64, r-oldrel-macos-x86_64, r-oldrel-windows-x86_64
Version: 1.1-2
Check: installed package size
Result: NOTE
installed size is 84.5Mb
sub-directories of 1Mb or more:
libs 83.9Mb
Flavors: r-oldrel-macos-arm64, r-oldrel-macos-x86_64
Version: 1.1-2
Check: Rd cross-references
Result: NOTE
Package unavailable to check Rd xrefs: ‘cmdstanr’
Flavors: r-oldrel-macos-arm64, r-oldrel-macos-x86_64, r-oldrel-windows-x86_64
Version: 1.1-2
Check: for GNU extensions in Makefiles
Result: NOTE
GNU make is a SystemRequirements.
Flavors: r-oldrel-macos-arm64, r-oldrel-macos-x86_64, r-oldrel-windows-x86_64