CRAN Package Check Results for Package rmsfuns

Last updated on 2025-04-30 04:50:17 CEST.

Flavor Version Tinstall Tcheck Ttotal Status Flags
r-devel-linux-x86_64-debian-clang 1.0.0.1 5.03 42.34 47.37 OK
r-devel-linux-x86_64-debian-gcc 1.0.0.1 3.70 30.41 34.11 OK
r-devel-linux-x86_64-fedora-clang 1.0.0.1 72.36 OK
r-devel-linux-x86_64-fedora-gcc 1.0.0.1 81.98 OK
r-devel-windows-x86_64 1.0.0.1 6.00 62.00 68.00 OK
r-patched-linux-x86_64 1.0.0.1 4.16 38.55 42.71 OK
r-release-linux-x86_64 1.0.0.1 3.79 38.70 42.49 OK
r-release-macos-arm64 1.0.0.1 31.00 OK
r-release-macos-x86_64 1.0.0.1 127.00 OK
r-release-windows-x86_64 1.0.0.1 8.00 59.00 67.00 OK
r-oldrel-macos-arm64 1.0.0.1 31.00 NOTE
r-oldrel-macos-x86_64 1.0.0.1 83.00 NOTE
r-oldrel-windows-x86_64 1.0.0.1 7.00 66.00 73.00 NOTE

Check Details

Version: 1.0.0.1
Check: LazyData
Result: NOTE 'LazyData' is specified without a 'data' directory Flavors: r-oldrel-macos-arm64, r-oldrel-macos-x86_64, r-oldrel-windows-x86_64