Last updated on 2025-04-30 04:50:17 CEST.
Flavor | Version | Tinstall | Tcheck | Ttotal | Status | Flags |
---|---|---|---|---|---|---|
r-devel-linux-x86_64-debian-clang | 1.0 | 2.16 | 39.11 | 41.27 | NOTE | |
r-devel-linux-x86_64-debian-gcc | 1.0 | 1.70 | 29.56 | 31.26 | NOTE | |
r-devel-linux-x86_64-fedora-clang | 1.0 | 64.23 | OK | |||
r-devel-linux-x86_64-fedora-gcc | 1.0 | 80.33 | OK | |||
r-devel-windows-x86_64 | 1.0 | 4.00 | 64.00 | 68.00 | OK | |
r-patched-linux-x86_64 | 1.0 | 2.26 | 38.83 | 41.09 | OK | |
r-release-linux-x86_64 | 1.0 | 2.04 | 38.33 | 40.37 | OK | |
r-release-macos-arm64 | 1.0 | 35.00 | OK | |||
r-release-macos-x86_64 | 1.0 | 58.00 | OK | |||
r-release-windows-x86_64 | 1.0 | 3.00 | 65.00 | 68.00 | OK | |
r-oldrel-macos-arm64 | 1.0 | 28.00 | OK | |||
r-oldrel-macos-x86_64 | 1.0 | 44.00 | OK | |||
r-oldrel-windows-x86_64 | 1.0 | 3.00 | 70.00 | 73.00 | OK |
Version: 1.0
Check: CRAN incoming feasibility
Result: NOTE
Maintainer: ‘Lu Mao <lmao@biostat.wisc.edu>’
No Authors@R field in DESCRIPTION.
Please add one, modifying
Authors@R: person(given = "Lu",
family = "Mao",
role = c("aut", "cre"),
email = "lmao@biostat.wisc.edu")
as necessary.
Flavors: r-devel-linux-x86_64-debian-clang, r-devel-linux-x86_64-debian-gcc
Version: 1.0
Check: examples
Result: NOTE
Examples with CPU (user + system) or elapsed time > 5s
user system elapsed
rmtfit 3.99 0.744 5.863
Flavor: r-devel-linux-x86_64-debian-clang