Last updated on 2025-04-30 04:50:17 CEST.
Flavor | Version | Tinstall | Tcheck | Ttotal | Status | Flags |
---|---|---|---|---|---|---|
r-devel-linux-x86_64-debian-clang | 0.5.5 | 6.99 | 78.75 | 85.74 | NOTE | |
r-devel-linux-x86_64-debian-gcc | 0.5.5 | 4.96 | 55.90 | 60.86 | OK | |
r-devel-linux-x86_64-fedora-clang | 0.5.5 | 133.97 | OK | |||
r-devel-linux-x86_64-fedora-gcc | 0.5.5 | 141.46 | OK | |||
r-devel-windows-x86_64 | 0.5.5 | 10.00 | 107.00 | 117.00 | OK | |
r-patched-linux-x86_64 | 0.5.5 | 6.09 | 76.08 | 82.17 | OK | |
r-release-linux-x86_64 | 0.5.5 | 6.80 | 75.69 | 82.49 | OK | |
r-release-macos-arm64 | 0.5.5 | 61.00 | OK | |||
r-release-macos-x86_64 | 0.5.5 | 105.00 | OK | |||
r-release-windows-x86_64 | 0.5.5 | 10.00 | 109.00 | 119.00 | OK | |
r-oldrel-macos-arm64 | 0.5.5 | 60.00 | OK | |||
r-oldrel-macos-x86_64 | 0.5.5 | 96.00 | OK | |||
r-oldrel-windows-x86_64 | 0.5.5 | 11.00 | 120.00 | 131.00 | OK |
Version: 0.5.5
Check: examples
Result: NOTE
Examples with CPU (user + system) or elapsed time > 5s
user system elapsed
toAnalysisSoftware 3.522 0.198 5.919
Flavor: r-devel-linux-x86_64-debian-clang