Last updated on 2025-04-30 04:50:17 CEST.
Flavor | Version | Tinstall | Tcheck | Ttotal | Status | Flags |
---|---|---|---|---|---|---|
r-devel-linux-x86_64-debian-clang | 0.1.4 | 32.31 | 383.82 | 416.13 | NOTE | |
r-devel-linux-x86_64-debian-gcc | 0.1.4 | 23.82 | 266.73 | 290.55 | NOTE | |
r-devel-linux-x86_64-fedora-clang | 0.1.4 | 703.31 | OK | |||
r-devel-linux-x86_64-fedora-gcc | 0.1.4 | 614.20 | OK | |||
r-devel-windows-x86_64 | 0.1.4 | 34.00 | 569.00 | 603.00 | OK | |
r-patched-linux-x86_64 | 0.1.4 | 33.02 | 364.43 | 397.45 | OK | |
r-release-linux-x86_64 | 0.1.4 | 35.72 | 363.40 | 399.12 | OK | |
r-release-macos-arm64 | 0.1.4 | 214.00 | OK | |||
r-release-macos-x86_64 | 0.1.4 | 465.00 | OK | |||
r-release-windows-x86_64 | 0.1.4 | 33.00 | 536.00 | 569.00 | OK | |
r-oldrel-macos-arm64 | 0.1.4 | 187.00 | OK | |||
r-oldrel-macos-x86_64 | 0.1.4 | 430.00 | OK | |||
r-oldrel-windows-x86_64 | 0.1.4 | 46.00 | 652.00 | 698.00 | ERROR |
Version: 0.1.4
Check: examples
Result: NOTE
Examples with CPU (user + system) or elapsed time > 5s
user system elapsed
trimClusters 7.557 0.152 10.804
clusterNumbers 4.673 0.135 5.710
readNumbers 4.297 0.172 6.018
plotClusterAgreementHeat 4.277 0.125 6.243
clusterrnaCrosslink 4.177 0.049 5.280
plotClusterAgreement 4.129 0.051 5.518
Flavor: r-devel-linux-x86_64-debian-clang
Version: 0.1.4
Check: examples
Result: NOTE
Examples with CPU (user + system) or elapsed time > 5s
user system elapsed
trimClusters 4.471 0.146 5.788
Flavor: r-devel-linux-x86_64-debian-gcc
Version: 0.1.4
Check: re-building of vignette outputs
Result: ERROR
Error(s) in re-building vignettes:
--- re-building 'rnaCrosslinkOO.Rmd' using rmarkdown
File rnaCrosslinkProtocol.jpg not found in resource path
Error: processing vignette 'rnaCrosslinkOO.Rmd' failed with diagnostics:
pandoc document conversion failed with error 99
--- failed re-building 'rnaCrosslinkOO.Rmd'
SUMMARY: processing the following file failed:
'rnaCrosslinkOO.Rmd'
Error: Vignette re-building failed.
Execution halted
Flavor: r-oldrel-windows-x86_64