CRAN Package Check Results for Package rnr

Last updated on 2025-02-21 03:52:24 CET.

Flavor Version Tinstall Tcheck Ttotal Status Flags
r-devel-linux-x86_64-debian-clang 0.2.1 1.49 19.74 21.23 OK
r-devel-linux-x86_64-debian-gcc 0.2.1 1.33 15.88 17.21 OK
r-devel-linux-x86_64-fedora-clang 0.2.1 33.70 OK
r-devel-linux-x86_64-fedora-gcc 0.2.1 32.85 OK
r-devel-macos-arm64 0.2.1 16.00 OK
r-devel-macos-x86_64 0.2.1 25.00 OK
r-devel-windows-x86_64 0.2.1 3.00 41.00 44.00 OK
r-patched-linux-x86_64 0.2.1 1.61 19.16 20.77 NOTE
r-release-linux-x86_64 0.2.1 1.64 19.20 20.84 NOTE
r-release-macos-arm64 0.2.1 16.00 NOTE
r-release-macos-x86_64 0.2.1 23.00 NOTE
r-release-windows-x86_64 0.2.1 3.00 40.00 43.00 NOTE
r-oldrel-macos-arm64 0.2.1 16.00 NOTE
r-oldrel-macos-x86_64 0.2.1 20.00 NOTE
r-oldrel-windows-x86_64 0.2.1 4.00 47.00 51.00 NOTE

Check Details

Version: 0.2.1
Check: LazyData
Result: NOTE 'LazyData' is specified without a 'data' directory Flavors: r-patched-linux-x86_64, r-release-linux-x86_64, r-release-macos-arm64, r-release-macos-x86_64, r-release-windows-x86_64, r-oldrel-macos-arm64, r-oldrel-macos-x86_64, r-oldrel-windows-x86_64