Last updated on 2025-04-30 04:50:17 CEST.
Flavor | Version | Tinstall | Tcheck | Ttotal | Status | Flags |
---|---|---|---|---|---|---|
r-devel-linux-x86_64-debian-clang | 2.1.0.6 | 9.09 | 129.35 | 138.44 | OK | |
r-devel-linux-x86_64-debian-gcc | 2.1.0.6 | 6.89 | 92.59 | 99.48 | OK | |
r-devel-linux-x86_64-fedora-clang | 2.1.0.6 | 196.31 | OK | |||
r-devel-linux-x86_64-fedora-gcc | 2.1.0.6 | 204.93 | OK | |||
r-devel-windows-x86_64 | 2.1.0.6 | 12.00 | 170.00 | 182.00 | OK | |
r-patched-linux-x86_64 | 2.1.0.6 | 8.81 | 118.50 | 127.31 | OK | |
r-release-linux-x86_64 | 2.1.0.6 | 8.85 | 119.54 | 128.39 | OK | |
r-release-macos-arm64 | 2.1.0.6 | 122.00 | OK | |||
r-release-macos-x86_64 | 2.1.0.6 | 153.00 | NOTE | |||
r-release-windows-x86_64 | 2.1.0.6 | 11.00 | 168.00 | 179.00 | OK | |
r-oldrel-macos-arm64 | 2.1.0.6 | 118.00 | OK | |||
r-oldrel-macos-x86_64 | 2.1.0.6 | 174.00 | OK | |||
r-oldrel-windows-x86_64 | 2.1.0.6 | 13.00 | 212.00 | 225.00 | OK |
Version: 2.1.0.6
Check: re-building of vignette outputs
Result: NOTE
Note: skipping ‘rnrfa-vignette.Rmd’ due to unavailable dependencies: 'DT'
Flavor: r-release-macos-x86_64