Last updated on 2025-04-30 04:50:17 CEST.
Flavor | Version | Tinstall | Tcheck | Ttotal | Status | Flags |
---|---|---|---|---|---|---|
r-devel-linux-x86_64-debian-clang | 0.2.4 | 3.22 | 81.04 | 84.26 | NOTE | |
r-devel-linux-x86_64-debian-gcc | 0.2.4 | 2.57 | 56.71 | 59.28 | NOTE | |
r-devel-linux-x86_64-fedora-clang | 0.2.4 | 141.66 | OK | |||
r-devel-linux-x86_64-fedora-gcc | 0.2.4 | 152.08 | OK | |||
r-devel-windows-x86_64 | 0.2.4 | 6.00 | 98.00 | 104.00 | OK | |
r-patched-linux-x86_64 | 0.2.4 | 3.99 | 76.84 | 80.83 | OK | |
r-release-linux-x86_64 | 0.2.4 | 3.45 | 76.72 | 80.17 | OK | |
r-release-macos-arm64 | 0.2.4 | 48.00 | OK | |||
r-release-macos-x86_64 | 0.2.4 | 82.00 | OK | |||
r-release-windows-x86_64 | 0.2.4 | 6.00 | 97.00 | 103.00 | OK | |
r-oldrel-macos-arm64 | 0.2.4 | 46.00 | OK | |||
r-oldrel-macos-x86_64 | 0.2.4 | 74.00 | OK | |||
r-oldrel-windows-x86_64 | 0.2.4 | 7.00 | 114.00 | 121.00 | OK |
Version: 0.2.4
Check: examples
Result: NOTE
Examples with CPU (user + system) or elapsed time > 5s
user system elapsed
get_lbm_param 6.172 0.161 7.272
Flavor: r-devel-linux-x86_64-debian-clang
Version: 0.2.4
Check: examples
Result: NOTE
Examples with CPU (user + system) or elapsed time > 5s
user system elapsed
get_lbm_param 4.126 0.403 5.669
Flavor: r-devel-linux-x86_64-debian-gcc