Last updated on 2025-04-30 04:50:17 CEST.
Flavor | Version | Tinstall | Tcheck | Ttotal | Status | Flags |
---|---|---|---|---|---|---|
r-devel-linux-x86_64-debian-clang | 0.1.2 | 159.30 | 47.07 | 206.37 | OK | |
r-devel-linux-x86_64-debian-gcc | 0.1.2 | 114.14 | 34.18 | 148.32 | OK | |
r-devel-linux-x86_64-fedora-clang | 0.1.2 | 410.17 | OK | |||
r-devel-linux-x86_64-fedora-gcc | 0.1.2 | 387.07 | OK | |||
r-devel-windows-x86_64 | 0.1.2 | 175.00 | 93.00 | 268.00 | OK | |
r-patched-linux-x86_64 | 0.1.2 | 160.34 | 43.11 | 203.45 | OK | |
r-release-linux-x86_64 | 0.1.2 | 158.42 | 42.98 | 201.40 | OK | |
r-release-macos-arm64 | 0.1.2 | 88.00 | OK | |||
r-release-macos-x86_64 | 0.1.2 | 103.00 | OK | |||
r-release-windows-x86_64 | 0.1.2 | 174.00 | 100.00 | 274.00 | OK | |
r-oldrel-macos-arm64 | 0.1.2 | 74.00 | NOTE | |||
r-oldrel-macos-x86_64 | 0.1.2 | 154.00 | NOTE | |||
r-oldrel-windows-x86_64 | 0.1.2 | 193.00 | 110.00 | 303.00 | OK |
Version: 0.1.2
Check: installed package size
Result: NOTE
installed size is 8.8Mb
sub-directories of 1Mb or more:
libs 8.2Mb
Flavors: r-oldrel-macos-arm64, r-oldrel-macos-x86_64