CRAN Package Check Results for Package robfilter

Last updated on 2025-04-30 04:50:17 CEST.

Flavor Version Tinstall Tcheck Ttotal Status Flags
r-devel-linux-x86_64-debian-clang 4.1.5 18.23 79.43 97.66 NOTE
r-devel-linux-x86_64-debian-gcc 4.1.5 13.67 51.01 64.68 NOTE
r-devel-linux-x86_64-fedora-clang 4.1.5 168.40 NOTE
r-devel-linux-x86_64-fedora-gcc 4.1.5 150.87 NOTE
r-devel-windows-x86_64 4.1.5 25.00 104.00 129.00 NOTE
r-patched-linux-x86_64 4.1.5 19.91 73.08 92.99 NOTE
r-release-linux-x86_64 4.1.5 20.27 73.32 93.59 NOTE
r-release-macos-arm64 4.1.5 43.00 NOTE
r-release-macos-x86_64 4.1.5 90.00 NOTE
r-release-windows-x86_64 4.1.5 24.00 97.00 121.00 NOTE
r-oldrel-macos-arm64 4.1.5 46.00 OK
r-oldrel-macos-x86_64 4.1.5 104.00 OK
r-oldrel-windows-x86_64 4.1.5 23.00 120.00 143.00 OK

Check Details

Version: 4.1.5
Check: compiled code
Result: NOTE File ‘robfilter/libs/robfilter.so’: Found non-API call to R: ‘Rf_isFrame’ Compiled code should not call non-API entry points in R. See ‘Writing portable packages’ in the ‘Writing R Extensions’ manual, and section ‘Moving into C API compliance’ for issues with the use of non-API entry points. Flavors: r-devel-linux-x86_64-debian-clang, r-devel-linux-x86_64-debian-gcc, r-devel-linux-x86_64-fedora-clang, r-devel-linux-x86_64-fedora-gcc, r-patched-linux-x86_64, r-release-linux-x86_64, r-release-macos-arm64, r-release-macos-x86_64

Version: 4.1.5
Check: examples
Result: NOTE Examples with CPU (user + system) or elapsed time > 5s user system elapsed scarm.filter 6.800 0.027 9.281 hybrid.filter 6.532 0.002 7.657 adore.filter 5.991 0.000 6.782 robust.filter 4.729 0.004 6.441 Flavor: r-devel-linux-x86_64-debian-clang

Version: 4.1.5
Check: compiled code
Result: NOTE File 'robfilter/libs/x64/robfilter.dll': Found non-API call to R: 'Rf_isFrame' Compiled code should not call non-API entry points in R. See 'Writing portable packages' in the 'Writing R Extensions' manual, and section 'Moving into C API compliance' for issues with the use of non-API entry points. Flavors: r-devel-windows-x86_64, r-release-windows-x86_64