CRAN Package Check Results for Package roboBayes

Last updated on 2025-04-30 04:50:17 CEST.

Flavor Version Tinstall Tcheck Ttotal Status Flags
r-devel-linux-x86_64-debian-clang 1.2 129.42 24.41 153.83 NOTE
r-devel-linux-x86_64-debian-gcc 1.2 90.14 19.31 109.45 NOTE
r-devel-linux-x86_64-fedora-clang 1.2 308.60 OK
r-devel-linux-x86_64-fedora-gcc 1.2 281.76 OK
r-devel-windows-x86_64 1.2 144.00 71.00 215.00 OK
r-patched-linux-x86_64 1.2 124.06 23.34 147.40 OK
r-release-linux-x86_64 1.2 119.15 23.46 142.61 OK
r-release-macos-arm64 1.2 58.00 OK
r-release-macos-x86_64 1.2 75.00 OK
r-release-windows-x86_64 1.2 144.00 73.00 217.00 OK
r-oldrel-macos-arm64 1.2 59.00 NOTE
r-oldrel-macos-x86_64 1.2 57.00 NOTE
r-oldrel-windows-x86_64 1.2 161.00 78.00 239.00 OK

Check Details

Version: 1.2
Check: CRAN incoming feasibility
Result: NOTE Maintainer: ‘Shannon T. Holloway <shannon.t.holloway@gmail.com>’ The Description field contains MacKay (2007) <arXiv:0710.3742>) with an option for probability based <arXiv:2112.12899>). Building on the independent multivariate constant Please refer to arXiv e-prints via their arXiv DOI <doi:10.48550/arXiv.YYMM.NNNNN>. Flavors: r-devel-linux-x86_64-debian-clang, r-devel-linux-x86_64-debian-gcc

Version: 1.2
Check: installed package size
Result: NOTE installed size is 6.9Mb sub-directories of 1Mb or more: libs 6.8Mb Flavors: r-oldrel-macos-arm64, r-oldrel-macos-x86_64