Last updated on 2025-04-30 04:50:17 CEST.
Flavor | Version | Tinstall | Tcheck | Ttotal | Status | Flags |
---|---|---|---|---|---|---|
r-devel-linux-x86_64-debian-clang | 1.1 | 31.45 | 32.30 | 63.75 | NOTE | |
r-devel-linux-x86_64-debian-gcc | 1.1 | 24.10 | 25.18 | 49.28 | NOTE | |
r-devel-linux-x86_64-fedora-clang | 1.1 | 110.59 | OK | |||
r-devel-linux-x86_64-fedora-gcc | 1.1 | 116.57 | OK | |||
r-devel-windows-x86_64 | 1.1 | 38.00 | 79.00 | 117.00 | NOTE | |
r-patched-linux-x86_64 | 1.1 | 34.64 | 31.47 | 66.11 | OK | |
r-release-linux-x86_64 | 1.1 | 36.35 | 31.54 | 67.89 | OK | |
r-release-macos-arm64 | 1.1 | 35.00 | OK | |||
r-release-macos-x86_64 | 1.1 | 97.00 | OK | |||
r-release-windows-x86_64 | 1.1 | 38.00 | 81.00 | 119.00 | NOTE | |
r-oldrel-macos-arm64 | 1.1 | 33.00 | OK | |||
r-oldrel-macos-x86_64 | 1.1 | 61.00 | OK | |||
r-oldrel-windows-x86_64 | 1.1 | 43.00 | 87.00 | 130.00 | NOTE |
Version: 1.1
Check: CRAN incoming feasibility
Result: NOTE
Maintainer: ‘Aditya Mishra <amishra@flatironinstitute.org>’
The Description field contains
<arXiv:1909.04990>.
Please refer to arXiv e-prints via their arXiv DOI <doi:10.48550/arXiv.YYMM.NNNNN>.
Flavors: r-devel-linux-x86_64-debian-clang, r-devel-linux-x86_64-debian-gcc
Version: 1.1
Check: C++ specification
Result: NOTE
Specified C++11: please drop specification unless essential
Flavors: r-devel-windows-x86_64, r-release-windows-x86_64, r-oldrel-windows-x86_64